{"id":1208,"date":"2018-08-29T14:42:15","date_gmt":"2018-08-29T17:42:15","guid":{"rendered":"https:\/\/ens8-caba.infd.edu.ar\/sitio\/profesorados\/"},"modified":"2025-08-19T15:09:33","modified_gmt":"2025-08-19T18:09:33","slug":"profesorados","status":"publish","type":"page","link":"https:\/\/ens8-caba.infd.edu.ar\/sitio\/profesorados\/","title":{"rendered":"Profesorados"},"content":{"rendered":"<p><span style=\"color: #aa61f2;\"><strong><span style=\"font-size: 10pt; font-family: verdana, geneva;\">Profesorado de Educaci\u00f3n Inicial<\/span><\/strong><\/span><\/p>\n<p><span style=\"color: #000000;\">Horario de cursada:<\/span><br \/>\n<span style=\"color: #000000;\">Turno vespertino de 18:10 a 22:10<\/span><br \/>\n<span style=\"color: #000000;\">Lugar: Edificio Central &#8211; La Rioja 1042, CABA.<\/span><\/p>\n<ul>\n<li><span style=\"color: #cc99ff; font-family: verdana, geneva; font-size: 10pt;\"><a style=\"color: #cc99ff;\" title=\"PCI-Profesorado Inicial -DGEDS #AP#1#CP#\" href=\"upload\/PCI-Profesorado_Inicial_-DGEDS_1.pdf\" target=\"_blank\" rel=\"noopener\">Profesorado de Educaci\u00f3n Inicial<\/a><\/span><span style=\"font-family: verdana, geneva; font-size: 10pt;\"><span style=\"color: #cc99ff;\">,<\/span> Plan <\/span><span style=\"color: #cc99ff;\"><a style=\"font-family: verdana, geneva; font-size: 10pt; color: #cc99ff;\" title=\"Res 489-2015- Inicial\" href=\"upload\/RS_489_2015_PROFESORADO_EDUC_INICIAL_1_1.pdf\" target=\"_blank\" rel=\"noopener\">Resoluci\u00f3n\u00a0SGECP N\u00ba 489\/2015<\/a><\/span><span style=\"font-family: verdana, geneva; font-size: 10pt;\">\u00a0(de 2015 en adelante)<\/span><\/li>\n<\/ul>\n<ul>\n<li><span style=\"font-size: 10pt; font-family: verdana,geneva; color: #0000ff;\"><span style=\"color: #000000;\"><a href=\"https:\/\/ens8-caba.infd.edu.ar\/sitio\/wp-content\/uploads\/2021\/07\/Plan-Inicial-2009.pdf\"><span style=\"color: #0000ff;\"><span style=\"color: #0000ff;\"><span style=\"color: #3366ff;\"><span style=\"color: #cc99ff;\">Profesorado de Educaci\u00f3n Inicial<\/span><\/span>\u00a0<\/span><\/span><\/a>Plan<\/span><\/span><span style=\"font-size: 10pt; font-family: verdana,geneva; color: #0000ff;\"><span style=\"color: #000000;\">\u00a0RM N\u00ba 6626\/2009\u00a0(de 2009 a 2014)<\/span><\/span><\/li>\n<\/ul>\n<p><strong><span style=\"font-size: 10pt; font-family: verdana,geneva; color: #0000ff;\"><span style=\"color: #0000ff;\">\u00a0 \u00a0 \u00a0 \u00a0\u00a0<\/span><\/span><span style=\"font-size: 10pt; font-family: verdana, geneva; color: #cc99ff;\"><a style=\"color: #cc99ff;\" title=\"Estructura curricular_profesorado de Ed Inicial\" href=\"upload\/Profesorado%20de%20Educacion%20Inicial-%20plan%20de%20estudios-1.doc\" target=\"_blank\" rel=\"noopener\">Estructura curricular<\/a><\/span><\/strong><\/p>\n<p><span style=\"font-size: 10pt; font-family: verdana,geneva;\"><strong>\u00a0 \u00a0 \u00a0 \u00a0 \u00a0 R\u00e9gimen de correlatividades:<\/strong><\/span><\/p>\n<p><span style=\"font-size: 10pt; font-family: verdana,geneva; color: #0000ff;\"><span style=\"color: #0000ff;\">\u00a0 \u00a0 \u00a0 \u00a0<\/span><\/span><span style=\"color: #0000ff;\"><span style=\"font-size: 10pt; font-family: verdana, geneva;\">\u00a0 \u00a0 \u00a0 <\/span><\/span><span style=\"font-size: 10pt; font-family: verdana, geneva;\">\u00a0 \u00a0<\/span><span style=\"color: #33cccc;\"><span style=\"font-size: 10pt; font-family: verdana, geneva;\"><a style=\"color: #33cccc;\" title=\"R\u00e9gimen de correlatividades 2009-INICIAL\" href=\"upload\/Regimen_de_correlatividades_2009-_Inicial-.doc\" target=\"_blank\" rel=\"noopener\">Ingresantes 2009 a 2012-Inicial<br \/>\n<\/a><\/span><span style=\"font-size: 10pt; font-family: verdana, geneva;\">\u00a0 \u00a0 \u00a0 \u00a0 \u00a0 \u00a0 \u00a0 \u00a0 <a style=\"color: #33cccc;\" title=\"R\u00e9gimen correlatividades Inicial 2013\" href=\"upload\/Correlatividades_2013-_Inicial_1.doc\">Ingresantes 2013 y siguientes-Inicial<br \/>\n<\/a><\/span><span style=\"font-size: 10pt; font-family: verdana, geneva;\">\u00a0 \u00a0 \u00a0 \u00a0 \u00a0 \u00a0 \u00a0 \u00a0<a style=\"color: #33cccc;\" title=\"Correlatividades 2016- Inicial\" href=\"upload\/Correlatividades_2016-_Inicial.doc\" target=\"_blank\" rel=\"noopener\"> Ingresantes 2016 y siguientes-Inicial<\/a><\/span><\/span><\/p>\n<p><span style=\"color: #3366ff;\">\u00a0<\/span><\/p>\n<p><span style=\"font-size: 10pt; font-family: verdana, geneva; color: #aa61f2;\"><strong><a style=\"color: #aa61f2;\" href=\"http:\/\/www.buenosaires.gob.ar\/areas\/educacion\/curricula\/pdf\/pep6635.pdf\">Profesorado de Educaci\u00f3n Primaria<\/a><a style=\"color: #aa61f2;\" href=\"http:\/\/ens5integra.buenosaires.edu.ar\/primaria\/doc\/PRIMARIA_Plan_Nuevo_2010.pdf\">\u00a0<\/a><\/strong><\/span><\/p>\n<p><span style=\"font-size: 10pt; font-family: verdana,geneva;\">Horario de cursada:<\/span><\/p>\n<p><span style=\"font-size: 10pt; font-family: verdana,geneva;\">Turno tarde: de 13:15 a 17:45<\/span><br \/>\n<span style=\"font-size: 10pt; font-family: verdana,geneva;\">Lugar: Edificio Anexo &#8211; Carlos Calvo 3150<\/span><\/p>\n<p><span style=\"font-size: 10pt; font-family: verdana,geneva;\">Turno vespertino: de 18:10 a 22:10<\/span><br \/>\n<span style=\"font-size: 10pt; font-family: verdana,geneva;\">Lugar: Edificio Central &#8211; La Rioja 1042, CABA.<\/span><\/p>\n<ul>\n<li><span style=\"color: #cc99ff;\"><a style=\"font-family: verdana, geneva; font-size: 10pt; color: #cc99ff;\" title=\"PCI PROF EDUC PRIMARIA\" href=\"upload\/PCI_PROF_EDUC_PRIMARIA.pdf\" target=\"_blank\" rel=\"noopener\">Profesorado de Educaci\u00f3n Primaria<\/a><\/span><span style=\"font-family: verdana, geneva; font-size: 10pt;\">, Plan <span style=\"color: #cc99ff;\"><a style=\"color: #cc99ff;\" title=\"Res 5532-2016 Primaria\" href=\"upload\/RS_532_2015_PCI_PROF_EDUC._PRIMARIA.pdf\" target=\"_blank\" rel=\"noopener\">Resoluci\u00f3n\u00a0SGECP N\u00ba 532\/2015<\/a><\/span> (de 2015 en adelante)<\/span><\/li>\n<\/ul>\n<ul>\n<li><span style=\"font-size: 10pt; font-family: verdana,geneva;\"><span style=\"color: #0000ff;\"><span style=\"color: #cc99ff;\"><a style=\"color: #cc99ff;\" href=\"https:\/\/ens8-caba.infd.edu.ar\/sitio\/wp-content\/uploads\/2021\/07\/Plan-Primaria-2009.pdf\">Profesorado de Educaci\u00f3n Primaria<\/a><\/span>,<\/span> Plan\u00a0<\/span><span style=\"font-size: 10pt; font-family: verdana,geneva;\">Resoluci\u00f3n Ministerial N\u00ba 6635\/2009 (de 2009 a 2014)<\/span><\/li>\n<\/ul>\n<p><span style=\"font-size: 10pt; font-family: verdana,geneva; color: #0000ff;\"><strong><span style=\"color: #cc99ff;\"><a style=\"color: #cc99ff;\" title=\"Estructura curricular PEP\" href=\"upload\/Profesorado%20de%20Educaci%F3n%20Primaria-%20plan%20de%20e%20studios-1.doc\" target=\"_blank\" rel=\"noopener\">Estructura curricular<\/a><\/span><\/strong><br \/>\n<\/span><\/p>\n<p><span style=\"font-size: 10pt; font-family: verdana,geneva;\"><strong>\u00a0 \u00a0 \u00a0 \u00a0 \u00a0 R\u00e9gimen de correlatividades:<\/strong><\/span><\/p>\n<p><span style=\"font-size: 10pt; font-family: verdana,geneva; color: #0000ff;\"><span style=\"color: #0000ff;\">\u00a0 \u00a0 \u00a0 \u00a0 \u00a0 \u00a0<\/span><\/span><span style=\"font-size: 10pt; font-family: verdana, geneva;\"> \u00a0 <span style=\"color: #33cccc;\">\u00a0<\/span><\/span><span style=\"font-size: 10pt; font-family: verdana, geneva; color: #33cccc;\"><a style=\"color: #33cccc;\" title=\"Res 257-16. Correlatividades primaria 2009-2016\" href=\"upload\/Res_257-16._Correlatividades___primaria_2009-2016.pdf\" target=\"_blank\" rel=\"noopener\">Ingresantes\u00a02009 a 2016-Primaria<\/a><\/span><span style=\"font-size: 10pt; font-family: verdana, geneva; color: #0000ff;\"><span style=\"color: #0000ff;\"><br \/>\n<\/span><\/span><span style=\"font-size: 10pt; font-family: verdana, geneva;\"><span style=\"color: #0000ff;\">\u00a0 \u00a0 \u00a0 \u00a0 \u00a0 \u00a0 \u00a0 <\/span>\u00a0<a title=\"Correlatividades 2016- Primaria\" href=\"upload\/Correlatividades_2016-_Primaria.doc\" target=\"_blank\" rel=\"noopener\"><br \/>\n<\/a><\/span><\/p>\n<p><span style=\"font-size: 10pt; font-family: verdana,geneva;\"><strong>EDI- Espacios de definici\u00f3n institucional<\/strong><\/span><\/p>\n<p><strong><a href=\"https:\/\/drive.google.com\/file\/d\/1KSCsBH6QzLm8SgvSVYorKmAJlXUJnI9e\/view?usp=sharing\" target=\"_blank\" rel=\"noopener\"><span style=\"color: #cc99ff;\"><span style=\"font-size: 10pt; font-family: verdana, geneva;\">Fundamentaci\u00f3n<\/span><\/span><\/a><\/strong><\/p>\n<p><span style=\"font-size: 10pt; font-family: verdana,geneva;\"><strong>Planes de estudios anteriores<\/strong><\/span><\/p>\n<p><span style=\"font-size: 10pt; font-family: verdana,geneva;\">Pr\u00f3rroga para planes de estudios\u00a0residuales de Formaci\u00f3n Docente de Nivel Superior de Escuelas Normales Superiores e Institutos de Educaci\u00f3n Superior, previos al 2009, <span style=\"color: #33cccc;\"><a style=\"color: #33cccc;\" title=\"Resoluci\u00f3n 0195- 2014- SSGECP\" href=\"upload\/RS-2014-0195_SSGECP.pdf\" target=\"_blank\" rel=\"noopener\">RESOL 0195-2014-SSGECP<\/a><\/span><\/span><\/p>\n<p><span style=\"font-size: 10pt; font-family: verdana,geneva;\">Extiende el plazo establecido en el art\u00edculo 1\u00ba de la RESOL <a title=\"Resoluci\u00f3n 1074- 2013- SSGECP\" href=\"upload\/rs-1074-ssgecp-2013.pdf\" target=\"_blank\" rel=\"noopener\"><span style=\"color: #33cccc;\">1074- 2014-SSGECP<\/span>\u00a0<\/a>hasta el 1\u00ba de abril de 2017.<\/span><\/p>\n<p><span style=\"font-size: 10pt; font-family: verdana,geneva;\">\u00a0<\/span><\/p>\n<p><span style=\"font-size: 10pt; font-family: verdana,geneva;\"><strong>&#8211; \u00a0Reglamento acad\u00e9mico marco para las escuelas normales superiores de gesti\u00f3n estatal-Resoluci<strong>\u00f3n<\/strong><\/strong><strong>\u00a0N\u00ba 3123 \/MEGC\/13<br \/>\n<span style=\"color: #33cccc;\"><a style=\"color: #33cccc;\" title=\"Res_megc_3123_13a1\" href=\"upload\/res_megc_3123_13a1.pdf\" target=\"_blank\" rel=\"noopener\">Anexos<\/a><\/span><\/strong><\/span><\/p>\n","protected":false},"excerpt":{"rendered":"<p>Profesorado de Educaci\u00f3n Inicial Horario de cursada: Turno vespertino de 18:10 a 22:10 Lugar: Edificio Central &#8211; La Rioja 1042, CABA. Profesorado de Educaci\u00f3n Inicial, Plan Resoluci\u00f3n\u00a0SGECP N\u00ba 489\/2015\u00a0(de 2015 en adelante) Profesorado de Educaci\u00f3n Inicial\u00a0Plan\u00a0RM N\u00ba 6626\/2009\u00a0(de 2009 a 2014) \u00a0 \u00a0 \u00a0 \u00a0\u00a0Estructura curricular \u00a0 \u00a0 \u00a0 \u00a0 \u00a0 R\u00e9gimen de correlatividades: \u00a0 &#8230; <a title=\"Profesorados\" class=\"read-more\" href=\"https:\/\/ens8-caba.infd.edu.ar\/sitio\/profesorados\/\" aria-label=\"More on Profesorados\">[+]<\/a><\/p>\n","protected":false},"author":1389,"featured_media":0,"parent":0,"menu_order":0,"comment_status":"closed","ping_status":"closed","template":"","meta":[],"acf":[],"_links":{"self":[{"href":"https:\/\/ens8-caba.infd.edu.ar\/sitio\/wp-json\/wp\/v2\/pages\/1208"}],"collection":[{"href":"https:\/\/ens8-caba.infd.edu.ar\/sitio\/wp-json\/wp\/v2\/pages"}],"about":[{"href":"https:\/\/ens8-caba.infd.edu.ar\/sitio\/wp-json\/wp\/v2\/types\/page"}],"author":[{"embeddable":true,"href":"https:\/\/ens8-caba.infd.edu.ar\/sitio\/wp-json\/wp\/v2\/users\/1389"}],"replies":[{"embeddable":true,"href":"https:\/\/ens8-caba.infd.edu.ar\/sitio\/wp-json\/wp\/v2\/comments?post=1208"}],"version-history":[{"count":16,"href":"https:\/\/ens8-caba.infd.edu.ar\/sitio\/wp-json\/wp\/v2\/pages\/1208\/revisions"}],"predecessor-version":[{"id":2885,"href":"https:\/\/ens8-caba.infd.edu.ar\/sitio\/wp-json\/wp\/v2\/pages\/1208\/revisions\/2885"}],"wp:attachment":[{"href":"https:\/\/ens8-caba.infd.edu.ar\/sitio\/wp-json\/wp\/v2\/media?parent=1208"}],"curies":[{"name":"wp","href":"https:\/\/api.w.org\/{rel}","templated":true}]}}