{"id":1239,"date":"2018-08-29T14:42:28","date_gmt":"2018-08-29T17:42:28","guid":{"rendered":"https:\/\/ens8-caba.infd.edu.ar\/sitio\/talleres-cfpd\/"},"modified":"2023-02-16T16:48:29","modified_gmt":"2023-02-16T19:48:29","slug":"talleres-cfpd","status":"publish","type":"page","link":"https:\/\/ens8-caba.infd.edu.ar\/sitio\/talleres-cfpd\/","title":{"rendered":"Talleres CFPD"},"content":{"rendered":"<h1><span style=\"font-family: verdana, geneva; font-size: 10pt;\">Campo de la Formaci\u00f3n de las Pr\u00e1cticas Docentes<\/span><\/h1>\n<h2><span style=\"font-family: verdana, geneva; font-size: 8pt;\">Coordinadoras<\/span><\/h2>\n<h2><span style=\"font-family: verdana, geneva; font-size: 8pt;\">-Inicial: Prof. Karina Marzoa \/ Prof. Silvia Reinoso<\/span><\/h2>\n<h2><span style=\"font-family: verdana, geneva; font-size: 8pt;\">-Primaria:\u00a0<\/span><span style=\"font-family: verdana, geneva; font-size: 8pt;\">Prof.\u00a0\u00a0Cecilia Rold\u00e1n \/ Prof. Vanesa Su\u00e1rez<\/span><\/h2>\n<h2><\/h2>\n<p><span style=\"font-size: 8pt;\">Normativa:<br \/>\n<span style=\"font-family: verdana, geneva;\"><span style=\"color: #0000ff;\"><a title=\"RESOL-2014-293-SSGECP\" href=\"upload\/RS-2014-293_SSGECP.pdf\" target=\"_blank\" rel=\"noopener\"><span style=\"color: #0000ff;\">RESOL-2014-293-SSGECP<\/span><\/a><\/span>:\u00a0Pautas y recomendaciones para reglamentar el Campo de la Pr\u00e1ctica Docente para Institutos de Formaci\u00f3n Docente con Profesorados de Nivel Inicial, Primario,\u00a0Secundario y Superior.<\/span><\/span><\/p>\n<p><span style=\"font-size: 8pt; font-family: verdana, geneva;\"><a title=\"Anexo I- RESOL-2014-293-SSGECP\" href=\"upload\/ANEXO_I__RS_293_2014_SSGECP.pdf\" target=\"_blank\" rel=\"noopener\"><span style=\"color: #0000ff;\"><span style=\"color: #0000ff;\">Reglamento Marco \u201cCampo de Formaci\u00f3n de la Pr\u00e1ctica Docente\u00a0Profesorado de Educaci\u00f3n Inicial\u201d.<\/span><\/span><\/a><\/span><\/p>\n<p><span style=\"font-size: 8pt; font-family: verdana, geneva;\"><a title=\"Reglamento Marco para la implementaci\u00f3n de los Talleres CFPD -PEP\" href=\"upload\/7-8-15ReglamentoMarcoCPD_PRIMARIA_ampliatorio_del_717.doc\" target=\"_blank\" rel=\"noopener\"><span style=\"color: #0000ff; font-family: verdana, geneva;\">Reglamento Marco \u201cCampo de Formaci\u00f3n de la Pr\u00e1ctica Docente\u00a0Profesorado de Educaci\u00f3n Primaria\u201d.<\/span><br \/>\n<\/a><a title=\"Anexo I- RESOL-2014-293-SSGECP\" href=\"upload\/ANEXO_I__RS_293_2014_SSGECP.pdf\" target=\"_blank\" rel=\"noopener\"><br \/>\n<\/a><\/span><\/p>\n<p><span style=\"font-family: verdana, geneva; font-size: 8pt;\"><strong>Inscripci\u00f3n:<\/strong><\/span><\/p>\n<p><span style=\"font-family: verdana, geneva; font-size: 8pt;\">-Planillas de inscripci\u00f3n:<\/span><\/p>\n<p><span style=\"font-size: 8pt;\"><span style=\"font-family: verdana, geneva;\"><span style=\"font-family: arial, helvetica, sans-serif; font-size: 8pt;\"><a title=\"Formulario N\u00b0 09 #AP#T3I - Ambos#CP# - Inscripci\u00f3n Talleres Inicial\" href=\"upload\/Formulario_N_09_T3I_-_Ambos_-_Inscripcion_Talleres_Inicial.doc\" target=\"_blank\" rel=\"noopener\">Formulario 9<\/a>&#8211; Taller 3- INICIAL\u00a0<\/span><br \/>\n<span style=\"font-family: arial, helvetica, sans-serif; font-size: 8pt;\"><a title=\"Formulario N\u00b0 10 #AP#T4I - Ambos#CP# - Inscripci\u00f3n Talleres Inicial\" href=\"upload\/Formulario_N_10_T4I_-_Ambos_-_Inscripcion_Talleres_Inicial_1.doc\" target=\"_blank\" rel=\"noopener\">Formulario 10<\/a>&#8211; Taller 4- INICIAL<\/span><br \/>\n<span style=\"font-family: arial, helvetica, sans-serif; font-size: 8pt;\"><a title=\"Formulario N\u00b0 11 #AP#T5I - 2012#CP# - Inscripci\u00f3n Talleres Inicial\" href=\"upload\/Formulario_N_11_T5I_-_2012_-_Inscripcion_Talleres_Inicial_1.doc\" target=\"_blank\" rel=\"noopener\">Formulario 11<\/a>&#8211; Taller 5- INICIAL- ingresantes 2012 y anteriores<\/span><br \/>\n<span style=\"font-family: arial, helvetica, sans-serif; font-size: 8pt;\"><a title=\"Formulario N\u00b0 11 B #AP#T5I-2013#CP# - Inscripci\u00f3n Talleres Inicial\" href=\"upload\/Formulario_N_11_B_T5I-2013_-_Inscripcion_Talleres_Inicial_1.doc\" target=\"_blank\" rel=\"noopener\">Formulario 11 B<\/a>&#8211; Taller 5- INICIAL- ingresantes 2013 y posteriores<\/span><br \/>\n<span style=\"font-family: arial, helvetica, sans-serif; font-size: 8pt;\"><a title=\"Formulario N\u00b0 12 #AP#T6I - 2012#CP# - Inscripci\u00f3n Talleres Inicial\" href=\"upload\/Formulario_N_12_T6I_-_2012_-_Inscripcion_Talleres_Inicial_1.doc\" target=\"_blank\" rel=\"noopener\">Formulario 12<\/a>&#8211; Taller 6- INICIAL- ingresantes 2012 y anteriores<\/span><br \/>\n<span style=\"font-family: arial, helvetica, sans-serif; font-size: 8pt;\"><a title=\"Formulario N\u00b0 12 B #AP#T6I - 2013#CP# - Inscripci\u00f3n Talleres Inicial\" href=\"upload\/Formulario_N_12_B_T6I_-_2013_-_Inscripcion_Talleres_Inicial_2.doc\" target=\"_blank\" rel=\"noopener\">Formulario 12 B<\/a>&#8211; Taller 6- INICIAL_ingresantes 2013 y posteriores<\/span><\/span><\/span><\/p>\n<p><span style=\"font-size: 8pt;\"><span style=\"font-family: verdana, geneva;\"><span style=\"color: #0000ff;\"><span style=\"color: #0000ff;\"><span style=\"color: #0000ff;\"><a title=\"Formulario N\u00b0 13 #AP#T3#CP# - Inscripci\u00f3n Talleres Primario\" href=\"upload\/Formulario_N_13_T3_-_Inscripcion_Talleres_Primario.doc\" target=\"_blank\" rel=\"noopener\">Formulario 13<\/a><span style=\"color: #000000;\">&#8211; Taller 3- Primaria<\/span><br \/>\n<a title=\"Formulario N\u00b0 14 #AP#T4#CP# - Inscripci\u00f3n Talleres Primario\" href=\"upload\/Formulario_N_14_T4_-_Inscripcion_Talleres_Primario.doc\" target=\"_blank\" rel=\"noopener\">Formulario 14<\/a><span style=\"color: #000000;\">&#8211; Taller 4- Primaria<\/span><br \/>\n<a title=\"Formulario N\u00b0 15 #AP#T5#CP# - Inscripci\u00f3n Talleres Primario\" href=\"upload\/Formulario_N_15_T5_-_Inscripcion_Talleres_Primario.doc\" target=\"_blank\" rel=\"noopener\">Formulario 15<\/a><span style=\"color: #000000;\">&#8211; Taller 5- Primaria<\/span><br \/>\n<a title=\"Formulario N\u00b0 16 #AP#T6#CP# - Inscripci\u00f3n Talleres Primario\" href=\"upload\/Formulario_N_16_T6_-_Inscripcion_Talleres_Primario.doc\" target=\"_blank\" rel=\"noopener\">Formulario 16<\/a>\u00a0<span style=\"color: #000000;\">&#8211; Taller 6- Primaria<\/span><\/span><\/span><\/span><\/span><\/span><\/p>\n<p><span style=\"font-family: verdana, geneva; font-size: 8pt;\">*Deben presentar libreta del estudiante en la inscripci\u00f3n<\/span><\/p>\n<p><span style=\"font-size: 8pt;\"><strong id=\"yiv2779038228yui_3_16_0_ym19_1_1533388659367_22815\">Inscripci\u00f3n a los Talleres de pr\u00e1cticas de los Espacios de Definici\u00f3n Institucional: martes 7\/8 a las 18:30 hs.<\/strong><\/span><\/p>\n<p><span style=\"font-size: 8pt; font-family: verdana, geneva, sans-serif;\"><a title=\"Inscripci\u00f3n EDI Pr\u00e1cticas PEP\" href=\"upload\/Formulario_N_17_-_Inscripcion_EDI_Practicas_-Primaria.doc\" target=\"_blank\" rel=\"noopener\">Formulario 17-<\/a>\u00a0PEP\u00a0 \u00a0 \u00a0 \u00a0 \u00a0 \u00a0 \u00a0 \u00a0 \u00a0 \u00a0 \u00a0 \u00a0 \u00a0<\/span><\/p>\n<p><span style=\"font-size: 8pt; font-family: verdana, geneva, sans-serif;\"><a title=\"Inscripci\u00f3n EDI Pr\u00e1cticas PEI\" href=\"upload\/Formulario_N_18_-_Inscripcion_EDI_Practicas_-Inicial.doc\" target=\"_blank\" rel=\"noopener\">Formulario 18-<\/a>\u00a0PEI<\/span><\/p>\n","protected":false},"excerpt":{"rendered":"<p>Campo de la Formaci\u00f3n de las Pr\u00e1cticas Docentes Coordinadoras -Inicial: Prof. Karina Marzoa \/ Prof. Silvia Reinoso -Primaria:\u00a0Prof.\u00a0\u00a0Cecilia Rold\u00e1n \/ Prof. Vanesa Su\u00e1rez Normativa: RESOL-2014-293-SSGECP:\u00a0Pautas y recomendaciones para reglamentar el Campo de la Pr\u00e1ctica Docente para Institutos de Formaci\u00f3n Docente con Profesorados de Nivel Inicial, Primario,\u00a0Secundario y Superior. Reglamento Marco \u201cCampo de Formaci\u00f3n de la &#8230; <a title=\"Talleres CFPD\" class=\"read-more\" href=\"https:\/\/ens8-caba.infd.edu.ar\/sitio\/talleres-cfpd\/\" aria-label=\"More on Talleres CFPD\">[+]<\/a><\/p>\n","protected":false},"author":1393,"featured_media":0,"parent":0,"menu_order":0,"comment_status":"closed","ping_status":"closed","template":"","meta":[],"acf":[],"_links":{"self":[{"href":"https:\/\/ens8-caba.infd.edu.ar\/sitio\/wp-json\/wp\/v2\/pages\/1239"}],"collection":[{"href":"https:\/\/ens8-caba.infd.edu.ar\/sitio\/wp-json\/wp\/v2\/pages"}],"about":[{"href":"https:\/\/ens8-caba.infd.edu.ar\/sitio\/wp-json\/wp\/v2\/types\/page"}],"author":[{"embeddable":true,"href":"https:\/\/ens8-caba.infd.edu.ar\/sitio\/wp-json\/wp\/v2\/users\/1393"}],"replies":[{"embeddable":true,"href":"https:\/\/ens8-caba.infd.edu.ar\/sitio\/wp-json\/wp\/v2\/comments?post=1239"}],"version-history":[{"count":9,"href":"https:\/\/ens8-caba.infd.edu.ar\/sitio\/wp-json\/wp\/v2\/pages\/1239\/revisions"}],"predecessor-version":[{"id":2159,"href":"https:\/\/ens8-caba.infd.edu.ar\/sitio\/wp-json\/wp\/v2\/pages\/1239\/revisions\/2159"}],"wp:attachment":[{"href":"https:\/\/ens8-caba.infd.edu.ar\/sitio\/wp-json\/wp\/v2\/media?parent=1239"}],"curies":[{"name":"wp","href":"https:\/\/api.w.org\/{rel}","templated":true}]}}