{"id":1283,"date":"2018-08-29T14:42:45","date_gmt":"2018-08-29T17:42:45","guid":{"rendered":"https:\/\/ens8-caba.infd.edu.ar\/sitio\/plan-de-trabajo-2018\/"},"modified":"2023-05-03T15:53:26","modified_gmt":"2023-05-03T18:53:26","slug":"plan-de-trabajo-2018","status":"publish","type":"page","link":"https:\/\/ens8-caba.infd.edu.ar\/sitio\/plan-de-trabajo-2018\/","title":{"rendered":"Plan de Trabajo 2018"},"content":{"rendered":"<p><span style=\"font-family: verdana, geneva, sans-serif; font-size: 8pt;\"><strong>Continuidad del PTI\u00a0 para el presente a\u00f1o<\/strong><\/span><\/p>\n<p><span style=\"font-family: verdana, geneva, sans-serif; font-size: 8pt;\">La regencia junto con los coordinadores de los campos y los niveles inicial y primario han decidido\u00a0dar continuidad en el presente\u00a0a\u00f1o al trabajo de articulaci\u00f3n entre niveles que se viene sosteniendo desde a\u00f1os anteriores.<\/span><\/p>\n<p><span style=\"font-family: verdana, geneva, sans-serif; font-size: 8pt;\"><strong><span style=\"font-size: 10pt;\">Construcci\u00f3n de la memoria colectiva.\u00a0<\/span><\/strong><\/span><\/p>\n<div dir=\"ltr\"><span style=\"font-family: verdana, geneva, sans-serif; font-size: 8pt;\">Rese\u00f1as de\u00a0actividades\u00a0realizadas enmarcadas en el trabajo de construcci\u00f3n de la memoria colectiva que venimos sosteniendo hace a\u00f1os de manera transversal durante todo el ciclo lectivo:<\/span><\/p>\n<\/div>\n<p><span style=\"font-family: verdana, geneva, sans-serif; font-size: 8pt;\"><strong>Jornadas de la Memoria<br \/>\n<\/strong><span style=\"font-weight: 400;\">28\/3:\u00a0<\/span>En ocasi\u00f3n de recordar el\u00a0<span style=\"color: #000000;\"><strong id=\"yiv4114440083yui_3_16_0_ym19_1_1523851565905_103445\">42\u00b0 aniversario del \u00faltimo golpe c\u00edvico-militar de nuestro pa\u00eds<\/strong>, nos visit\u00f3 en la escuela el<a href=\"https:\/\/www.facebook.com\/SomosTRAMA\/?hc_ref=ARRLsJZS7Y2VIXQJ1wBWB1TOyk5FFYVbDhKiKY1y7J8CcUF9NqRZ8_6LIxdpAseVBYA\"> <strong>Colectivo Art\u00edstico Trama<\/strong><\/a>.\u00a0<\/span><span id=\"yiv4114440083yui_3_16_0_ym19_1_1523851565905_103178\" style=\"color: #9c005c;\"><span style=\"color: #000000;\">Un colectivo art\u00edstico autogestionado que encuentra en el arte una herramienta de transformaci\u00f3n y de resistencia creativa.\u00a0<\/span><br \/>\n<span style=\"color: #000000;\">Realiz\u00f3 su <strong>intervenci\u00f3n \u201cClamor Fundamental\u201d<\/strong>, interpretando textos de Eduardo Galeano, Juan Gelman y Rodolfo Walsh, y m\u00fasica de Violeta Parra y Le\u00f3n Gieco, entre otros.<\/span><br \/>\n<\/span><\/span><\/p>\n<p><span style=\"font-family: verdana, geneva, sans-serif; font-size: 8pt;\"><span style=\"font-weight: 400;\"><br \/>\n<\/span><span style=\"color: #000000;\"><br \/>\n17\/4:<strong> Encuentro con integrantes del <a title=\"Colectivo Historias desobedientes\" href=\"http:\/\/historiasdesobedientes.com\/\" target=\"_blank\" rel=\"noopener\">Colectivo\u00a0<\/a><\/strong><em id=\"yiv0483100574yui_3_16_0_ym19_1_1523325217943_45858\"><span id=\"yiv0483100574yui_3_16_0_ym19_1_1523325217943_45857\"><strong id=\"yiv0483100574yui_3_16_0_ym19_1_1523325217943_45856\"><a title=\"Colectivo Historias desobedientes\" href=\"http:\/\/historiasdesobedientes.com\/\" target=\"_blank\" rel=\"noopener\">Historias desobedientes<\/a>.\u00a0<\/strong><\/span><\/em><\/span><\/span><\/p>\n<div id=\"yiv0483100574yui_3_16_0_ym19_1_1523325217943_45523\"><span style=\"font-family: verdana, geneva, sans-serif; font-size: 8pt;\"><span id=\"yiv0483100574yui_3_16_0_ym19_1_1523325217943_45524\">En el marco del compromiso asumido como Formadores de Docentes en la\u00a0<\/span><span id=\"yiv0483100574yui_3_16_0_ym19_1_1523325217943_45528\">Construcci\u00f3n de la Memoria Colectiva, por la Verdad y la Justicia\u00a0<\/span><span id=\"yiv0483100574yui_3_16_0_ym19_1_1523325217943_45528\">se realiz\u00f3 un<\/span><span id=\"yiv0483100574yui_3_16_0_ym19_1_1523325217943_45532\">\u00a0encuentro con integrantes de\u00a0<\/span><strong id=\"yiv0483100574yui_3_16_0_ym19_1_1523325217943_45535\"><span id=\"yiv0483100574yui_3_16_0_ym19_1_1523325217943_45536\">Historias desobedientes y con faltas de ortograf\u00eda.<\/span><\/strong><\/span><\/div>\n<div id=\"yiv0483100574yui_3_16_0_ym19_1_1523325217943_45538\"><span style=\"font-family: verdana, geneva, sans-serif; font-size: 8pt;\"><span style=\"font-family: verdana, geneva, sans-serif; font-size: 8pt;\">Historias desobedientes es un colectivo de hijas, hijos y familiares de genocidas que se organizaron en ocasi\u00f3n del fallo de la Corte Suprema del 2 x 1 a genocidas condenados por delitos de lesa humanidad.<\/span><\/span><\/p>\n<p><span style=\"font-family: verdana, geneva, sans-serif; font-size: 8pt;\">11\/4: <\/span><span style=\"font-size: 10pt;\"><strong>Primera Jornada EMI<\/strong><\/span><span style=\"font-family: verdana, geneva, sans-serif; font-size: 8pt;\">:<\/span><\/p>\n<\/div>\n<div>\n<p><span style=\"font-family: verdana, geneva, sans-serif; font-size: 8pt;\">Docentes y estudiantes analizaron\u00a0<span id=\"yiv4457511263yui_3_16_0_ym19_1_1523666344501_21483\">el\u00a0<span id=\"yiv4457511263yui_3_16_0_ym19_1_1523666344501_22221\">Proyecto de ley de creaci\u00f3n de la UNICABA y sus fundamentos.<\/span><\/span><\/span><\/p>\n<p><span style=\"font-family: verdana, geneva, sans-serif; font-size: 8pt;\">&#8211;<a title=\"video- por qu\u00e9 decimos no a la unicaba \" href=\"upload\/VID-20180408-WA0001.mp4\" target=\"_blank\" rel=\"noopener\">Video por que decimos no a la Unicaba<br \/>\n<\/a>&#8211;<a title=\"Proyecto de ley\" href=\"upload\/Proyecto_de_ley.doc\" target=\"_blank\" rel=\"noopener\">Proyecto de ley<br \/>\n<\/a>&#8211;<a title=\"La propuesta de Universidad de Formaci\u00f3n Docente de CABA\" href=\"upload\/Documento_4_FD_CABA_29-11.doc\" target=\"_blank\" rel=\"noopener\">La propuesta de Universidad de Formaci\u00f3n Docente de CABA<\/a><\/span><\/p>\n<p style=\"text-align: left;\"><span style=\"font-size: 10pt;\"><span style=\"font-family: verdana, geneva, sans-serif;\">\u00a012\/6<\/span>: <strong>Segunda<\/strong><strong>Jornada EMI<\/strong><span style=\"color: #000000;\">:\u00a0<\/span><\/span><\/p>\n<p style=\"text-align: left;\"><span style=\"color: #000000; font-size: 8pt;\"><span id=\"yiv4543627341yui_3_16_0_ym19_1_1528753443373_83241\"><span id=\"yiv4543627341yui_3_16_0_ym19_1_1528753443373_83069\"><span id=\"yiv4543627341yui_3_16_0_ym19_1_1528753443373_83070\"><span style=\"font-size: 8pt;\">\u00ab<em>El<\/em><\/span><span style=\"font-family: verdana, geneva, sans-serif; font-size: 8pt;\"><em> Profesorado del Normal 8 invita a la Universidad a pensar la formaci\u00f3n docente\u201d<\/em>.<\/span><\/span><\/span><\/span><\/span><\/p>\n<div id=\"yiv4543627341yui_3_16_0_ym19_1_1528753443373_82902\" class=\"yiv4543627341qtdSeparateBR\" dir=\"ltr\"><span style=\"font-family: verdana, geneva, sans-serif; font-size: 8pt;\"><span style=\"color: #cb008e;\"><span style=\"color: #000000;\">Se aprovech\u00f3<\/span><\/span><span id=\"yiv4543627341yui_3_16_0_ym19_1_1528814082305_44017\"><span id=\"yiv4543627341yui_3_16_0_ym19_1_1528814082305_44016\">\u00a0el encuentro para plantear lo transitado hasta aqu\u00ed en el conflicto UniCABA y las decisiones que debemos tomar como comunidad educativa.<\/span><\/span><\/span><\/div>\n<\/div>\n<div class=\"yiv4543627341qtdSeparateBR\" dir=\"ltr\"><\/div>\n<div dir=\"ltr\"><\/div>\n<div>\n<p><span style=\"font-family: verdana, geneva, sans-serif; font-size: 8pt;\"><strong id=\"yiv9015521272yui_3_16_0_ym19_1_1523666344501_62151\"><span id=\"yiv9015521272yui_3_16_0_ym19_1_1523666344501_62150\">Marchas en Defensa de Nuestros Profesorados<br \/>\n<\/span><\/strong><span id=\"yiv9015521272yui_3_16_0_ym19_1_1523666344501_62150\">12\/4:\u00a0Participaci\u00f3n de\u00a0la ENS Nro 8 en<strong>\u00a0<\/strong><\/span><span id=\"yiv9015521272yui_3_16_0_ym19_1_1523666344501_62150\">la <\/span>junto con todas las comunidades educativas en la marcha convocada por el <a href=\"https:\/\/comunesup.wordpress.com\/2017\/12\/17\/canales-oficiales-de-difusion-del-cesge\/\">CESGE <\/a>y organizada por\u00a0la\u00a0<span id=\"yiv4975423397ydpe4f34419yiv0329852249yui_3_16_0_ym19_1_1523203693576_353546\">Coordinadora de Estudiantes Terciarios,\u00a0d<span id=\"yui_3_16_0_ym19_1_1526317084054_27207\">esde Palacio Pizzurno hasta la Legislatura<\/span><\/span><strong id=\"yiv4975423397ydpe4f34419yiv0329852249yui_3_16_0_ym19_1_1523203693576_353545\"><span id=\"yiv4975423397ydpe4f34419yiv0329852249yui_3_16_0_ym19_1_1523203693576_353546\">.<\/span><\/strong><\/span><\/p>\n<p><span style=\"font-family: verdana, geneva, sans-serif; font-size: 8pt;\">&#8211;<a title=\"https:\/\/drive.google.com\/file\/d\/17cIUN1XeVXZEjec5fKlFXDTa2RsiZjdh\/view?usp=sharing\" href=\"https:\/\/drive.google.com\/file\/d\/17cIUN1XeVXZEjec5fKlFXDTa2RsiZjdh\/view?usp=sharing\" target=\"_NEW\" rel=\"noopener\">Ver video<br \/>\n<\/a>&#8211;<a title=\"https:\/\/drive.google.com\/file\/d\/1DdthokPXX4tG2tDJmzAy0oETW4_ywrGX\/view?usp=sharing\" href=\"https:\/\/drive.google.com\/file\/d\/1DdthokPXX4tG2tDJmzAy0oETW4_ywrGX\/view?usp=sharing\" target=\"_NEW\" rel=\"noopener\">Ver imagen: Momento hist\u00f3rico de la educaci\u00f3n P\u00fablica<\/a><\/span><\/p>\n<p id=\"yiv2512519957yui_3_16_0_ym19_1_1524267803421_60351\" dir=\"ltr\"><span id=\"yiv2512519957yui_3_16_0_ym19_1_1525639205070_104434\" style=\"font-size: 8pt; color: #000000; font-family: verdana, geneva, sans-serif;\"><span id=\"yiv2512519957yui_3_16_0_ym19_1_1525639205070_104436\">9\/5: Participaci\u00f3n de la ENS Nro. 8 en la marcha en defensa de la educaci\u00f3n p\u00fablica convocada por el\u00a0<a href=\"https:\/\/comunesup.wordpress.com\/2017\/12\/17\/canales-oficiales-de-difusion-del-cesge\/\">CESGE<\/a>, entre otro, d<span id=\"yui_3_16_0_ym19_1_1526317084054_27207\">esde Palacio Pizzurno hasta la Legislatura.\u00a0<\/span><\/span><\/span><\/p>\n<p><span style=\"font-size: 8pt; font-family: verdana, geneva, sans-serif;\"><a href=\"https:\/\/drive.google.com\/file\/d\/0BwXeszwOQ3eARmdaV1V4TU5pVlFPdUY2aWJlYU5WUFhuMUJV\/view?usp=sharing\" target=\"_blank\" rel=\"noopener\">Ver Imagen<br \/>\n<\/a><\/span><span style=\"font-size: 8pt; font-family: verdana, geneva, sans-serif;\"><a href=\"https:\/\/drive.google.com\/file\/d\/0BwXeszwOQ3eAdHdaRXZpbkxfcFlWRUQxekk4c2Z4dVZrVHJv\/view?usp=sharing\">Ver imagen<\/a><\/span><\/p>\n<p><span style=\"font-family: verdana, geneva, sans-serif; font-size: 8pt;\">\u00a0<\/span><span style=\"font-size: 10pt;\"><span style=\"font-family: verdana, geneva, sans-serif; font-size: 8pt;\">23-5 Segunda Marcha Federal Educativa. Encuentro de los profesorados:\u00a0<\/span><span style=\"font-family: verdana, geneva, sans-serif; font-size: 8pt;\"><strong><a href=\"https:\/\/drive.google.com\/file\/d\/1omtTDMsC1-qokzV_xnTqdGVc4V3HP9w8\/view?usp=sharing\">Diagonal Norte y Cerrito<\/a>.<\/strong><\/span><\/span><\/p>\n<p><span style=\"font-size: 10pt;\"><a title=\"2da marcha educativa federal 23-5-18\" href=\"upload\/2da_marcha_federal_-1.jpg\" target=\"_blank\" rel=\"noopener\"><span style=\"font-family: verdana, geneva, sans-serif; font-size: 8pt;\">Ver imagen<\/span><\/a><\/span><\/p>\n<p><span style=\"font-family: verdana, geneva, sans-serif; font-size: 8pt;\"><strong>Semaforazos<\/strong><\/span><br \/>\n<span style=\"font-family: verdana, geneva, sans-serif; font-size: 8pt;\">En el marco de la defensa de nuestros profesorados, los estudiantes y docentes\u00a0organizaron y\/o participaron de esta acci\u00f3n a fin de dar visivilidad a la situaci\u00f3n que atraviesan nuestros profesorados.\u00a0<\/span><\/p>\n<div dir=\"ltr\"><span style=\"font-family: verdana, geneva, sans-serif; font-size: 8pt;\">16\/4: semaforazo en<strong>\u00a0<\/strong>Av. San Juan y La Rioja organizado por la c\u00e1tedra de Did\u00e1ctica de la educaci\u00f3n inicial I. Se entregaron folletos a los transe\u00fantes y conductores. Acompa\u00f1aron estudiantes de otros\u00a0cursos.<\/span><\/div>\n<div dir=\"ltr\"><span style=\"font-family: verdana, geneva, sans-serif; font-size: 8pt;\">Estuvo acompa\u00f1ando a los organizadores la legisladora porte\u00f1a Lorena Pokoik.<\/span><\/div>\n<div dir=\"ltr\"><span style=\"font-family: verdana, geneva, sans-serif; font-size: 8pt;\">24\/4: semaforazo en Independencia y La Rioja.\u00a0<\/span><br \/>\n<span style=\"font-family: verdana, geneva, sans-serif; font-size: 8pt;\"><span style=\"font-family: verdana, geneva, sans-serif; font-size: 8pt;\">4\/5: semaforazo y clases p\u00fablicas\u00a0en Av. San Juan y La Rioja.<\/span><\/span><\/p>\n<\/div>\n<p><span style=\"font-family: verdana, geneva, sans-serif; font-size: 8pt;\"><span id=\"yiv6554779886yui_3_16_0_ym19_1_1523203693576_343768\"><span id=\"yiv6554779886yui_3_16_0_ym19_1_1523203693576_343769\">24\/4: <strong id=\"yiv6554779886yui_3_16_0_ym19_1_1523203693576_343770\">Clase p\u00fablica<\/strong><strong>\u00a0de los 29 institutos en la puerta de la Legislatura<\/strong>.<br \/>\n<\/span><\/span><span id=\"yiv6554779886yui_3_16_0_ym19_1_1523203693576_343768\"><span id=\"yiv6554779886yui_3_16_0_ym19_1_1523203693576_343769\">Mientras los rectores y los especialistas daban sus clases en el recinto de la Legislatura -explicando, ense\u00f1ando, demostrando- por qu\u00e9 nos oponemos a la desintegraci\u00f3n de nuestras instituciones; el resto de la comunidad educativa hac\u00eda p\u00fablicamente lo que sabe hacer en las aulas diariamente.<br \/>\nEntre las<span id=\"yiv9867349291yui_3_16_0_ym19_1_1524760434162_84186\">\u00a0m\u00e1s de<\/span><span id=\"yiv9867349291yui_3_16_0_ym19_1_1524760434162_84186\"> 120 clases de los 29 IFD<strong>,\u00a0<\/strong><\/span><\/span><\/span><span id=\"yiv6554779886yui_3_16_0_ym19_1_1523203693576_343779\"><span id=\"yiv6554779886yui_3_16_0_ym19_1_1523203693576_343780\"><span id=\"yiv6554779886yui_3_16_0_ym19_1_1523203693576_343781\">participaron\u00a0<span id=\"yiv6554779886yui_3_16_0_ym19_1_1523203693576_343768\"><span id=\"yiv6554779886yui_3_16_0_ym19_1_1523203693576_343769\"><span id=\"yiv9867349291yui_3_16_0_ym19_1_1524760434162_84186\">p<\/span><\/span><\/span>or nuestro Normal c\u00e1tedras del d\u00eda martes del turno tarde. Trasladaron\u00a0all\u00ed sus clases: Pedagog\u00eda, Nuevos escenarios: cultura tecnolog\u00eda y subjetividad y el<strong id=\"yiv6554779886yui_3_16_0_ym19_1_1523203693576_343782\">\u00a0<\/strong>EDI: el cuerpo y sus teatralidades. Acompa\u00f1aron autoridades, docentes y estudiantes de otros cursos del nivel.<\/span><\/span><\/span><\/span><\/p>\n<div dir=\"ltr\"><span style=\"font-family: verdana, geneva, sans-serif; font-size: 8pt;\"><strong>Encuentros con Legisladores<\/strong><\/span><\/div>\n<div id=\"yiv3240269848yui_3_16_0_ym19_1_1523670484212_36315\" dir=\"ltr\"><span style=\"font-family: verdana, geneva, sans-serif; font-size: 8pt;\"><span id=\"yiv3240269848yui_3_16_0_ym19_1_1523670484212_41534\"><span id=\"yiv3240269848yui_3_16_0_ym19_1_1523670484212_41535\"><span id=\"yiv3240269848yui_3_16_0_ym19_1_1523670484212_41537\">19-04:\u00a0Encuentro con la<\/span><\/span><\/span><span id=\"yiv3240269848yui_3_16_0_ym19_1_1523670484212_41538\">\u00a0<\/span><span id=\"yiv3240269848yui_3_16_0_ym19_1_1523670484212_41540\">legisladora porte\u00f1a<\/span><span id=\"yiv3240269848yui_3_16_0_ym19_1_1523670484212_41541\">\u00a0<\/span><strong id=\"yiv3240269848yui_3_16_0_ym19_1_1523670484212_41542\"><span id=\"yiv3240269848yui_3_16_0_ym19_1_1523670484212_41543\">Lorena Pokoik<\/span><\/strong><span id=\"yiv3240269848yui_3_16_0_ym19_1_1523670484212_41544\">, v<\/span><\/span><span id=\"yiv3240269848yui_3_16_0_ym19_1_1523670484212_41545\"><span style=\"font-family: verdana, geneva, sans-serif; font-size: 8pt;\">icepresidenta primera de la Comisi\u00f3n de Educaci\u00f3n, Julio Tomada, jefe de Bloque del\u00a0Frente para la Victoria\u00a0(FPV) en la Legislatura porte\u00f1a<\/span>.<\/span><\/div>\n<p><span style=\"font-family: verdana, geneva, sans-serif; font-size: 8pt;\"><span id=\"yiv3240269848yui_3_16_0_ym19_1_1523670484212_41545\">21-5: N<\/span><span id=\"yiv3240269848yui_3_16_0_ym19_1_1523670484212_41545\"><span id=\"yiv9299201499yui_3_16_0_1_1526954178726_79018\">os visit\u00f3 en la escuela el Legislador<\/span><strong><span id=\"yiv9299201499yui_3_16_0_1_1526954178726_79018\"> Roy Cortin<\/span><\/strong><strong id=\"yiv9299201499yui_3_16_0_1_1526954178726_79019\"><span id=\"yiv9299201499yui_3_16_0_1_1526954178726_79018\">a<\/span><\/strong>, se reuni\u00f3 con las autoridades de los distintos niveles.<br \/>\n<a title=\"Roy Cortina en la ens8\" href=\"upload\/Roy_Cortina_en_la_ENS8.jpg\" target=\"_blank\" rel=\"noopener\">Ver imagen<\/a><\/span><\/span><\/p>\n<p><strong><span style=\"font-family: verdana, geneva, sans-serif; font-size: 8pt;\"><br \/>\nPronunciamientos<br \/>\n<\/span><\/strong><span style=\"font-family: verdana, geneva, sans-serif; font-size: 8pt;\">Respecto\u00a0de los\u00a0dichos del Ministro de Cultura Pablo Avelluto, quien se refiri\u00f3 a estudiantes y docentes como \u201cfascistas\u201d y \u201cautoritarios\u201d en el contexto de una manifestaci\u00f3n en la inauguraci\u00f3n de la 44\u00b0 Feria Internacional del Libro de Buenos Aires\u00a0y lo publicado posteriormente por el diario La Naci\u00f3n en relaci\u00f3n con la manifestaci\u00f3n de nuestros estudiantes y profesores.<\/span><\/p>\n<p><span style=\"font-family: verdana, geneva, sans-serif; font-size: 8pt;\"><a title=\"Pronunciamiento Regentes 27-4\" href=\"upload\/Pronunciamiento_Regentes_27-4.pdf\" target=\"_blank\" rel=\"noopener\">Pronunciamiento Regentes<\/a>\u00a0<\/span><\/p>\n<p><span style=\"font-family: verdana, geneva, sans-serif; font-size: 8pt;\"><a title=\"Pronunciamiento profesores claustros docentes\" href=\"https:\/\/docs.google.com\/forms\/d\/e\/1FAIpQLSe5zqXMh5d81U5jUNAJLc6jpz-2tHyu8kR49rX9hjg6_IS9EA\/viewform\">Repudio de profesores\u00a0representantes del claustros docentes\u00a0<\/a><\/span><\/p>\n<h5><\/h5>\n<h5><span style=\"font-family: verdana, geneva, sans-serif; font-size: 8pt;\">4, 5, 6 y 7\/9:<\/span><strong><span style=\"font-family: verdana, geneva, sans-serif; font-size: 8pt;\"> Clases p\u00fablicas en defensa de los profesorados<\/span><\/strong><\/h5>\n<p><span style=\"font-family: verdana, geneva, sans-serif; font-size: 8pt;\">En el marco de las actividades de la Carpa Educativa en defensa de los profesorados, los docentes de nuestro nivel dictaron clases p\u00fablicas frente a la Legislatura porte\u00f1a.\u00a0<\/span><\/p>\n<\/div>\n","protected":false},"excerpt":{"rendered":"<p>Continuidad del PTI\u00a0 para el presente a\u00f1o La regencia junto con los coordinadores de los campos y los niveles inicial y primario han decidido\u00a0dar continuidad en el presente\u00a0a\u00f1o al trabajo de articulaci\u00f3n entre niveles que se viene sosteniendo desde a\u00f1os anteriores. Construcci\u00f3n de la memoria colectiva.\u00a0 Rese\u00f1as de\u00a0actividades\u00a0realizadas enmarcadas en el trabajo de construcci\u00f3n de &#8230; <a title=\"Plan de Trabajo 2018\" class=\"read-more\" href=\"https:\/\/ens8-caba.infd.edu.ar\/sitio\/plan-de-trabajo-2018\/\" aria-label=\"More on Plan de Trabajo 2018\">[+]<\/a><\/p>\n","protected":false},"author":1393,"featured_media":0,"parent":0,"menu_order":0,"comment_status":"closed","ping_status":"closed","template":"","meta":[],"acf":[],"_links":{"self":[{"href":"https:\/\/ens8-caba.infd.edu.ar\/sitio\/wp-json\/wp\/v2\/pages\/1283"}],"collection":[{"href":"https:\/\/ens8-caba.infd.edu.ar\/sitio\/wp-json\/wp\/v2\/pages"}],"about":[{"href":"https:\/\/ens8-caba.infd.edu.ar\/sitio\/wp-json\/wp\/v2\/types\/page"}],"author":[{"embeddable":true,"href":"https:\/\/ens8-caba.infd.edu.ar\/sitio\/wp-json\/wp\/v2\/users\/1393"}],"replies":[{"embeddable":true,"href":"https:\/\/ens8-caba.infd.edu.ar\/sitio\/wp-json\/wp\/v2\/comments?post=1283"}],"version-history":[{"count":3,"href":"https:\/\/ens8-caba.infd.edu.ar\/sitio\/wp-json\/wp\/v2\/pages\/1283\/revisions"}],"predecessor-version":[{"id":2214,"href":"https:\/\/ens8-caba.infd.edu.ar\/sitio\/wp-json\/wp\/v2\/pages\/1283\/revisions\/2214"}],"wp:attachment":[{"href":"https:\/\/ens8-caba.infd.edu.ar\/sitio\/wp-json\/wp\/v2\/media?parent=1283"}],"curies":[{"name":"wp","href":"https:\/\/api.w.org\/{rel}","templated":true}]}}