{"id":1911,"date":"2021-08-17T11:03:02","date_gmt":"2021-08-17T14:03:02","guid":{"rendered":"https:\/\/ens8-caba.infd.edu.ar\/sitio\/?page_id=1911"},"modified":"2023-03-07T13:53:44","modified_gmt":"2023-03-07T16:53:44","slug":"aulas-virtuales","status":"publish","type":"page","link":"https:\/\/ens8-caba.infd.edu.ar\/sitio\/aulas-virtuales\/","title":{"rendered":"Aulas Virtuales"},"content":{"rendered":"\n<h2 class=\"wp-block-heading\">Tutoriales destinados a docentes sobre el <strong>uso de las aulas virtuales<\/strong> del Campus<\/h2>\n\n\n\n<p><\/p>\n\n\n\n<ol>\n<li><strong>Secci\u00f3n USUARIOS<\/strong><\/li>\n<\/ol>\n\n\n\n<figure class=\"wp-block-embed is-type-video is-provider-youtube wp-block-embed-youtube wp-embed-aspect-16-9 wp-has-aspect-ratio\"><div class=\"wp-block-embed__wrapper\">\n<iframe loading=\"lazy\" title=\"Aulas Virtuales - Campus INFoD. Secci\u00f3n USUARIOS.\" width=\"1200\" height=\"675\" src=\"https:\/\/www.youtube.com\/embed\/5IUevZhdbis?feature=oembed\" frameborder=\"0\" allow=\"accelerometer; autoplay; clipboard-write; encrypted-media; gyroscope; picture-in-picture\" allowfullscreen><\/iframe>\n<\/div><\/figure>\n\n\n\n<p><\/p>\n\n\n\n<p>2.<strong> Secci\u00f3n AULAS<\/strong><\/p>\n\n\n\n<figure class=\"wp-block-embed is-type-video is-provider-youtube wp-block-embed-youtube wp-embed-aspect-16-9 wp-has-aspect-ratio\"><div class=\"wp-block-embed__wrapper\">\n<iframe loading=\"lazy\" title=\"Aulas Virtuales - Campus INFoD. Secci\u00f3n AULAS.\" width=\"1200\" height=\"675\" src=\"https:\/\/www.youtube.com\/embed\/LbpO68H_yiM?start=2&#038;feature=oembed\" frameborder=\"0\" allow=\"accelerometer; autoplay; clipboard-write; encrypted-media; gyroscope; picture-in-picture\" allowfullscreen><\/iframe>\n<\/div><\/figure>\n\n\n\n<p><\/p>\n\n\n\n<p>3. <strong>Secci\u00f3n CONTENIDOS<\/strong><\/p>\n\n\n\n<figure class=\"wp-block-embed is-type-video is-provider-youtube wp-block-embed-youtube wp-embed-aspect-16-9 wp-has-aspect-ratio\"><div class=\"wp-block-embed__wrapper\">\n<iframe loading=\"lazy\" title=\"Aulas Virtuales - Campus INFoD. Secci\u00f3n CONTENIDOS.\" width=\"1200\" height=\"675\" src=\"https:\/\/www.youtube.com\/embed\/DwCyRC1AXIA?feature=oembed\" frameborder=\"0\" allow=\"accelerometer; autoplay; clipboard-write; encrypted-media; gyroscope; picture-in-picture\" allowfullscreen><\/iframe>\n<\/div><\/figure>\n\n\n\n<p><\/p>\n\n\n\n<p>4. <strong>Secci\u00f3n CLASES<\/strong><\/p>\n\n\n\n<figure class=\"wp-block-embed is-type-video is-provider-youtube wp-block-embed-youtube wp-embed-aspect-16-9 wp-has-aspect-ratio\"><div class=\"wp-block-embed__wrapper\">\n<iframe loading=\"lazy\" title=\"Aulas Virtuales - Campus INFoD. Secci\u00f3n CLASES.\" width=\"1200\" height=\"675\" src=\"https:\/\/www.youtube.com\/embed\/bHKXyDnPm5A?feature=oembed\" frameborder=\"0\" allow=\"accelerometer; autoplay; clipboard-write; encrypted-media; gyroscope; picture-in-picture\" allowfullscreen><\/iframe>\n<\/div><\/figure>\n\n\n\n<p><\/p>\n\n\n\n<p>5. <strong>Secci\u00f3n TEXTOS y MATERIAL DE ESTUDIO<\/strong><\/p>\n\n\n\n<figure class=\"wp-block-embed is-type-video is-provider-youtube wp-block-embed-youtube wp-embed-aspect-16-9 wp-has-aspect-ratio\"><div class=\"wp-block-embed__wrapper\">\n<iframe loading=\"lazy\" title=\"Aulas Virtuales - Campus INFoD. Secci\u00f3n TEXTOS  y MATERIAL DE ESTUDIO\" width=\"1200\" height=\"675\" src=\"https:\/\/www.youtube.com\/embed\/8fHFiLaudjI?feature=oembed\" frameborder=\"0\" allow=\"accelerometer; autoplay; clipboard-write; encrypted-media; gyroscope; picture-in-picture\" allowfullscreen><\/iframe>\n<\/div><\/figure>\n\n\n\n<p><\/p>\n\n\n\n<p>6. <strong>Secci\u00f3n UNIDADES y ACTIVIDADES<\/strong><\/p>\n\n\n\n<figure class=\"wp-block-embed is-type-video is-provider-youtube wp-block-embed-youtube wp-embed-aspect-16-9 wp-has-aspect-ratio\"><div class=\"wp-block-embed__wrapper\">\n<iframe loading=\"lazy\" title=\"Aulas Virtuales - Campus INFoD. Secci\u00f3n UNIDADES y ACTIVIDADES.\" width=\"1200\" height=\"675\" src=\"https:\/\/www.youtube.com\/embed\/uJasu6g86Ao?feature=oembed\" frameborder=\"0\" allow=\"accelerometer; autoplay; clipboard-write; encrypted-media; gyroscope; picture-in-picture\" allowfullscreen><\/iframe>\n<\/div><\/figure>\n\n\n\n<p><\/p>\n\n\n\n<p>7. <strong>Secci\u00f3n CORRECCI\u00d3N DE ACTIVIDAD<\/strong><\/p>\n\n\n\n<figure class=\"wp-block-embed is-type-video is-provider-youtube wp-block-embed-youtube wp-embed-aspect-16-9 wp-has-aspect-ratio\"><div class=\"wp-block-embed__wrapper\">\n<iframe loading=\"lazy\" title=\"Aulas Virtuales - Campus INFoD. Secci\u00f3n CORRECCI\u00d3N DE ACTIVIDAD.\" width=\"1200\" height=\"675\" src=\"https:\/\/www.youtube.com\/embed\/g8IGDXRDk-c?feature=oembed\" frameborder=\"0\" allow=\"accelerometer; autoplay; clipboard-write; encrypted-media; gyroscope; picture-in-picture\" allowfullscreen><\/iframe>\n<\/div><\/figure>\n\n\n\n<p><\/p>\n\n\n\n<p>8. <strong>Secci\u00f3n DEBATES<\/strong><\/p>\n\n\n\n<figure class=\"wp-block-embed is-type-video is-provider-youtube wp-block-embed-youtube wp-embed-aspect-16-9 wp-has-aspect-ratio\"><div class=\"wp-block-embed__wrapper\">\n<iframe loading=\"lazy\" title=\"Aulas Virtuales - Campus INFoD. Secci\u00f3n DEBATES.\" width=\"1200\" height=\"675\" src=\"https:\/\/www.youtube.com\/embed\/dW8KauvIHaw?start=11&#038;feature=oembed\" frameborder=\"0\" allow=\"accelerometer; autoplay; clipboard-write; encrypted-media; gyroscope; picture-in-picture\" allowfullscreen><\/iframe>\n<\/div><\/figure>\n\n\n\n<p><\/p>\n\n\n\n<p>9. <strong>Secci\u00f3n FORMULARIOS<\/strong><\/p>\n\n\n\n<figure class=\"wp-block-embed is-type-video is-provider-youtube wp-block-embed-youtube wp-embed-aspect-16-9 wp-has-aspect-ratio\"><div class=\"wp-block-embed__wrapper\">\n<iframe loading=\"lazy\" title=\"Aulas Virtuales - Campus INFoD. Secci\u00f3n FORMULARIOS\" width=\"1200\" height=\"675\" src=\"https:\/\/www.youtube.com\/embed\/EFgUtavAlxg?feature=oembed\" frameborder=\"0\" allow=\"accelerometer; autoplay; clipboard-write; encrypted-media; gyroscope; picture-in-picture\" allowfullscreen><\/iframe>\n<\/div><\/figure>\n\n\n\n<div class=\"wp-block-group is-layout-flow\"><div class=\"wp-block-group__inner-container\">\n<blockquote class=\"wp-block-quote\">\n<p><em>El contenido de los tutoriales en formato video fue creado por Bel\u00e9n L\u00f3pez Cort\u00e9s y Eva Novick, Ayudantes de Trabajos Pr\u00e1cticos del Nivel Terciario.<\/em><\/p>\n<\/blockquote>\n<\/div><\/div>\n\n\n\n<h2 class=\"wp-block-heading\"><strong>Tutoriales del INFoD que complementan y ampl\u00edan los videos anteriores<\/strong><\/h2>\n\n\n\n<p><strong>Escritorio<\/strong><\/p>\n\n\n\n<ul>\n<li><a href=\"https:\/\/red.infd.edu.ar\/como-ingresar-al-aula-virtual\/\" target=\"_blank\" rel=\"noreferrer noopener\">C\u00f3mo se ingresa al aula<\/a><\/li>\n\n\n\n<li><a href=\"https:\/\/red.infd.edu.ar\/?p=1268\" target=\"_blank\" rel=\"noreferrer noopener\">Cambios en el perfil de usuario<\/a><\/li>\n\n\n\n<li><a href=\"https:\/\/red.infd.edu.ar\/?p=1162\" target=\"_blank\" rel=\"noreferrer noopener\">Cambios en las preferencias del usuario<\/a><\/li>\n\n\n\n<li><a href=\"https:\/\/red.infd.edu.ar\/que-son-los-sucesos-recientes\/\" target=\"_blank\" rel=\"noreferrer noopener\">Qu\u00e9 son los sucesos recientes<\/a><\/li>\n<\/ul>\n\n\n\n<p><strong>Funcionalidades desde la VISTA DEL USUARIO<\/strong><\/p>\n\n\n\n<ul>\n<li><a href=\"https:\/\/red.infd.edu.ar\/portafolio-usos-y-administracion\/\" target=\"_blank\" rel=\"noreferrer noopener\">Portafolio: Usos y administraci\u00f3n<\/a><\/li>\n\n\n\n<li><a href=\"https:\/\/red.infd.edu.ar\/como-es-la-estructura-del-aula\/\" target=\"_blank\" rel=\"noreferrer noopener\">C\u00f3mo es la estructura del aula<\/a><\/li>\n\n\n\n<li><a rel=\"noreferrer noopener\" href=\"https:\/\/red.infd.edu.ar\/como-buscar-un-aula-desde-el-interior-de-otra\/\" target=\"_blank\">C\u00f3mo buscar un aula desde el interior de otra<\/a>&nbsp;<\/li>\n\n\n\n<li><a href=\"https:\/\/red.infd.edu.ar\/como-navegar-los-contenidos-de-las-clases\/\" target=\"_blank\" rel=\"noreferrer noopener\">Secci\u00f3n Clases: C\u00f3mo se navegan los contenidos de las clases<\/a><\/li>\n\n\n\n<li><a href=\"https:\/\/red.infd.edu.ar\/como-navegar-el-indice\/\" target=\"_blank\" rel=\"noreferrer noopener\">Secci\u00f3n Clases: C\u00f3mo navegar el \u00edndice<\/a><\/li>\n\n\n\n<li><a href=\"https:\/\/red.infd.edu.ar\/foros-como-se-abre-y-se-configura-un-foro\/\" target=\"_blank\" rel=\"noreferrer noopener\">Secci\u00f3n Foros: C\u00f3mo se crea y se configura un foro<\/a><\/li>\n\n\n\n<li><a href=\"https:\/\/red.infd.edu.ar\/foros-como-participar\/\" target=\"_blank\" rel=\"noreferrer noopener\">Secci\u00f3n Foros: C\u00f3mo participar y responder<\/a><\/li>\n\n\n\n<li><a href=\"https:\/\/red.infd.edu.ar\/participar-en-un-foro-grabando-video\/\" target=\"_blank\" rel=\"noreferrer noopener\">Secci\u00f3n Foros: Participar en un foro grabando video<\/a><\/li>\n\n\n\n<li><a href=\"https:\/\/red.infd.edu.ar\/participar-en-un-foro-grabando-audio\/\" target=\"_blank\" rel=\"noreferrer noopener\">Secci\u00f3n Foros: Participar en un foro grabando audio<\/a>&nbsp;<\/li>\n\n\n\n<li><a href=\"https:\/\/red.infd.edu.ar\/foros-como-editar-una-posteo\/\" target=\"_blank\" rel=\"noreferrer noopener\">Secci\u00f3n Foros: C\u00f3mo editar una intervenci\u00f3n<\/a><\/li>\n\n\n\n<li><a href=\"https:\/\/red.infd.edu.ar\/?p=1160\" target=\"_blank\" rel=\"noreferrer noopener\">Secci\u00f3n Foros: Recomendaciones para participar<\/a><\/li>\n\n\n\n<li><a href=\"https:\/\/red.infd.edu.ar\/como-se-utiliza-la-seccion-sitios\/\" target=\"_blank\" rel=\"noreferrer noopener\">Secci\u00f3n Sitios: C\u00f3mo cargar una direcci\u00f3n web en la secci\u00f3n Sitios<\/a><\/li>\n\n\n\n<li><a href=\"https:\/\/red.infd.edu.ar\/como-cargar-un-archivo-en-la-seccion-archivos\/\" target=\"_blank\" rel=\"noreferrer noopener\">Secci\u00f3n Archivos: C\u00f3mo carga un archivo en la secci\u00f3n Archivos<\/a><\/li>\n\n\n\n<li><a href=\"https:\/\/red.infd.edu.ar\/como-se-envian-y-reciben-mensajes-dentro-del-campus\/\" target=\"_blank\" rel=\"noreferrer noopener\">Secci\u00f3n Mensajer\u00eda interna: \u00bfC\u00f3mo se env\u00edan y reciben mensajes dentro del campus?<\/a><\/li>\n\n\n\n<li><a href=\"https:\/\/red.infd.edu.ar\/como-agregar-calificaciones\/\" target=\"_blank\" rel=\"noreferrer noopener\">Secci\u00f3n Calificaciones: C\u00f3mo agregar calificaciones<\/a><\/li>\n\n\n\n<li><a href=\"https:\/\/red.infd.edu.ar\/uso-del-calendario\/\" target=\"_blank\" rel=\"noreferrer noopener\">Secci\u00f3n Calendario: Uso del Calendario<\/a><\/li>\n\n\n\n<li><a href=\"https:\/\/red.infd.edu.ar\/indicadores-de-estado-de-lectura-de-contenidos-obligatorios\/\" target=\"_blank\" rel=\"noreferrer noopener\">Indicadores de estado de lectura de contenidos obligatorios<\/a><\/li>\n\n\n\n<li><a href=\"https:\/\/red.infd.edu.ar\/continuar-en-la-app-la-tarea-iniciada-en-la-pc-mediante-codigo-qr\/\" target=\"_blank\" rel=\"noreferrer noopener\">C\u00f3mo continuar la sesi\u00f3n en un m\u00f3vil mediante c\u00f3digo QR<\/a><\/li>\n<\/ul>\n\n\n\n<p><strong>Cat\u00e1logo<\/strong><\/p>\n\n\n\n<ul>\n<li><a href=\"https:\/\/red.infd.edu.ar\/como-se-accede-al-catalogo-de-cursos\/\" target=\"_blank\" rel=\"noreferrer noopener\">C\u00f3mo se accede al cat\u00e1logo de cursos<\/a><\/li>\n\n\n\n<li><a href=\"https:\/\/red.infd.edu.ar\/como-crear-una-oferta\/\" target=\"_blank\" rel=\"noreferrer noopener\">C\u00f3mo crear una oferta<\/a><\/li>\n<\/ul>\n\n\n\n<p><strong>Administraci\u00f3n general del aula<\/strong><\/p>\n\n\n\n<ul>\n<li><a rel=\"noreferrer noopener\" href=\"https:\/\/red.infd.edu.ar\/el-usuario-administrador-puede-realizar-inscripciones\/\" target=\"_blank\">El usuario administrador puede realizar inscripciones<\/a>&nbsp;<\/li>\n\n\n\n<li><a href=\"https:\/\/red.infd.edu.ar\/como-crear-presentaciones\/\" target=\"_blank\" rel=\"noreferrer noopener\">C\u00f3mo crear presentaciones<\/a><\/li>\n\n\n\n<li><a href=\"https:\/\/red.infd.edu.ar\/como-crear-categorias\/\" target=\"_blank\" rel=\"noreferrer noopener\">C\u00f3mo crear categor\u00edas<\/a><\/li>\n\n\n\n<li><a href=\"https:\/\/red.infd.edu.ar\/como-utilizar-la-wiki-del-aula-virtual\/\" target=\"_blank\" rel=\"noreferrer noopener\">C\u00f3mo utilizar la wiki del aula virtual<\/a><\/li>\n\n\n\n<li><a rel=\"noreferrer noopener\" href=\"https:\/\/red.infd.edu.ar\/como-acceder-la-vista-de-usuario\/\" target=\"_blank\">C\u00f3mo acceder a la vista de usuario<\/a>&nbsp;<\/li>\n\n\n\n<li><a href=\"https:\/\/red.infd.edu.ar\/administracion-preguntas-frecuentes\/\" target=\"_blank\" rel=\"noreferrer noopener\">Administraci\u00f3n de preguntas frecuentes<\/a><\/li>\n\n\n\n<li><a href=\"https:\/\/red.infd.edu.ar\/administrar-insignias\/\" target=\"_blank\" rel=\"noreferrer noopener\">Administraci\u00f3n de insignias<\/a><\/li>\n\n\n\n<li><a href=\"https:\/\/red.infd.edu.ar\/organizacion-de-la-informacion-creacion-de-categorias\" target=\"_blank\" rel=\"noreferrer noopener\">Organizaci\u00f3n de la informaci\u00f3n: creaci\u00f3n de categor\u00edas<\/a><\/li>\n<\/ul>\n\n\n\n<p><strong>Seguimiento y reportes<\/strong><\/p>\n\n\n\n<ul>\n<li><a href=\"https:\/\/red.infd.edu.ar\/reportes\/\" target=\"_blank\" rel=\"noreferrer noopener\">Reportes<\/a><\/li>\n\n\n\n<li><a href=\"https:\/\/red.infd.edu.ar\/avisos-de-seguimiento-del-campus-virtual\/\" target=\"_blank\" rel=\"noreferrer noopener\">Avisos de Seguimiento en el aula virtual&nbsp;<\/a><\/li>\n\n\n\n<li><a href=\"https:\/\/red.infd.edu.ar\/creacion-y-administracion-de-grupos-de-trabajo\/\" target=\"_blank\" rel=\"noreferrer noopener\">Creaci\u00f3n y administraci\u00f3n de grupos de trabajo<\/a><\/li>\n\n\n\n<li><a rel=\"noreferrer noopener\" href=\"https:\/\/red.infd.edu.ar\/vincular-whatsapp-en-contactos\/\" target=\"_blank\">Vincular WhatsApp en Contactos&nbsp;<\/a><\/li>\n<\/ul>\n\n\n\n<p><strong>Las clases<\/strong><\/p>\n\n\n\n<ul>\n<li><strong>Creaci\u00f3n y organizaci\u00f3n<\/strong>\n<ul>\n<li><a href=\"https:\/\/red.infd.edu.ar\/?p=1432&amp;preview=true\" target=\"_blank\" rel=\"noreferrer noopener\">C\u00f3mo crear las clases<\/a><\/li>\n\n\n\n<li><a href=\"https:\/\/red.infd.edu.ar\/?p=1438&amp;preview=true\" target=\"_blank\" rel=\"noreferrer noopener\">C\u00f3mo cargar una p\u00edldora de texto<\/a><\/li>\n\n\n\n<li><a href=\"https:\/\/red.infd.edu.ar\/?p=1442&amp;preview=true\" target=\"_blank\" rel=\"noreferrer noopener\">Organizar clases y contenidos<\/a><\/li>\n<\/ul>\n<\/li>\n\n\n\n<li><strong>Plantillas<\/strong>\n<ul>\n<li><a rel=\"noreferrer noopener\" href=\"https:\/\/red.infd.edu.ar\/insertar-una-plantilla\/\" target=\"_blank\">Insertar y eliminar una plantilla<\/a><\/li>\n\n\n\n<li><a rel=\"noreferrer noopener\" href=\"https:\/\/red.infd.edu.ar\/modificar-los-elementos-de-la-plantilla\/\" target=\"_blank\">Modificar los elementos de la plantilla<\/a><\/li>\n\n\n\n<li><a rel=\"noreferrer noopener\" href=\"https:\/\/red.infd.edu.ar\/plantillas-de-ejemplo\/\" target=\"_blank\">Plantillas de ejemplo<\/a><\/li>\n<\/ul>\n<\/li>\n\n\n\n<li><strong>Textos<\/strong>\n<ul>\n<li><a href=\"https:\/\/red.infd.edu.ar\/como-editar-textos-en-una-clase\/\" target=\"_blank\" rel=\"noreferrer noopener\">C\u00f3mo editar textos en una clase<\/a><\/li>\n\n\n\n<li><a href=\"https:\/\/red.infd.edu.ar\/insertar-texto-mediante-dictado-por-voz-en-la-clase\/\" target=\"_blank\" rel=\"noreferrer noopener\">Insertar texto mediante el dictado por voz<\/a><\/li>\n<\/ul>\n<\/li>\n\n\n\n<li><strong>Desde el repositorio<\/strong>\n<ul>\n<li><a href=\"https:\/\/red.infd.edu.ar\/insertar-elementos-desde-el-repositorio\/\" target=\"_blank\" rel=\"noreferrer noopener\">Insertar elementos<\/a><\/li>\n<\/ul>\n<\/li>\n\n\n\n<li><strong>Im\u00e1genes<\/strong>\n<ul>\n<li><a href=\"https:\/\/red.infd.edu.ar\/como-insertar-imagenes-en-una-clase\/\" target=\"_blank\" rel=\"noreferrer noopener\">C\u00f3mo insertar im\u00e1genes desde el repositorio<\/a><\/li>\n\n\n\n<li><a rel=\"noreferrer noopener\" href=\"https:\/\/red.infd.edu.ar\/como-pegar-una-imagen-en-la-clase\/\" target=\"_blank\">C\u00f3mo pegar una imagen en la clase<\/a><\/li>\n<\/ul>\n<\/li>\n\n\n\n<li><strong>Audio<\/strong>\n<ul>\n<li><a href=\"https:\/\/red.infd.edu.ar\/insertar-audio-por-microfono\/\" target=\"_blank\" rel=\"noreferrer noopener\">Insertar audio por micr\u00f3fono en la clase<\/a>&nbsp;<\/li>\n<\/ul>\n<\/li>\n\n\n\n<li><strong>Videos<\/strong>\n<ul>\n<li><a rel=\"noreferrer noopener\" href=\"https:\/\/red.infd.edu.ar\/como-insertar-un-video-desde-el-repositorio\/\" target=\"_blank\">C\u00f3mo insertar un video desde el Repositorio<\/a><\/li>\n\n\n\n<li><a href=\"https:\/\/red.infd.edu.ar\/como-grabar-video-desde-el-editor-de-contenidos\/\" target=\"_blank\" rel=\"noreferrer noopener\">C\u00f3mo grabar video desde el editor de contenidos<\/a><\/li>\n\n\n\n<li><a href=\"https:\/\/red.infd.edu.ar\/como-anadir-videos-de-youtube\/\" target=\"_blank\" rel=\"noreferrer noopener\">C\u00f3mo a\u00f1adir un video de Youtube<\/a><\/li>\n<\/ul>\n<\/li>\n\n\n\n<li><strong>Hiperv\u00ednculos<\/strong>\n<ul>\n<li><a href=\"https:\/\/red.infd.edu.ar\/como-insertar-hipervinculos\/\" target=\"_blank\" rel=\"noreferrer noopener\">C\u00f3mo insertar hiperv\u00ednculos<\/a><\/li>\n<\/ul>\n<\/li>\n\n\n\n<li><strong>Procesador de textos<\/strong>\n<ul>\n<li><a href=\"https:\/\/red.infd.edu.ar\/?p=1445&amp;preview=true\" target=\"_blank\" rel=\"noreferrer noopener\">Procesador de textos completo \u2013 HTML<\/a><\/li>\n<\/ul>\n<\/li>\n\n\n\n<li><strong>Material de estudio<\/strong>\n<ul>\n<li><a rel=\"noreferrer noopener\" href=\"https:\/\/red.infd.edu.ar\/insertar-material-de-estudio\/\" target=\"_blank\">Insertar material de estudio<\/a><\/li>\n\n\n\n<li><a rel=\"noreferrer noopener\" href=\"https:\/\/red.infd.edu.ar\/modificar-y-eliminar-material-de-estudio\/\" target=\"_blank\">Modificar y eliminar material de estudio<\/a><\/li>\n\n\n\n<li><a rel=\"noreferrer noopener\" href=\"https:\/\/red.infd.edu.ar\/ordenar-el-material-de-estudio-en-la-clase\/\" target=\"_blank\">Ordenar el material de estudio en la clase<\/a><\/li>\n<\/ul>\n<\/li>\n\n\n\n<li><strong>Actividades<\/strong>\n<ul>\n<li><a rel=\"noreferrer noopener\" href=\"https:\/\/red.infd.edu.ar\/como-crear-una-actividad\/\" target=\"_blank\">C\u00f3mo crear una actividad<\/a><\/li>\n\n\n\n<li><a rel=\"noreferrer noopener\" href=\"https:\/\/red.infd.edu.ar\/como-realiza-la-actividad-el-cursante\/\" target=\"_blank\">C\u00f3mo realiza la actividad el cursante<\/a><\/li>\n\n\n\n<li><a rel=\"noreferrer noopener\" href=\"https:\/\/red.infd.edu.ar\/como-se-corrige-una-actividad\/\" target=\"_blank\">C\u00f3mo se corrige una actividad<\/a><\/li>\n\n\n\n<li><a rel=\"noreferrer noopener\" href=\"https:\/\/red.infd.edu.ar\/como-se-crea-una-actividad-grupal\/\" target=\"_blank\">C\u00f3mo se crea una actividad grupal<\/a><\/li>\n\n\n\n<li><a rel=\"noreferrer noopener\" href=\"https:\/\/red.infd.edu.ar\/como-realizan-los-cursantes-una-actividad-grupal\/\" target=\"_blank\">C\u00f3mo realizan los cursantes una actividad grupal<\/a><\/li>\n\n\n\n<li><a rel=\"noreferrer noopener\" href=\"https:\/\/red.infd.edu.ar\/actividades-copiar-a-otras-aulas\/\" target=\"_blank\">Copiar actividades a otras aulas<\/a><\/li>\n<\/ul>\n<\/li>\n\n\n\n<li><strong>Formularios<\/strong>\n<ul>\n<li><a rel=\"noreferrer noopener\" href=\"https:\/\/red.infd.edu.ar\/crear-un-formulario\/\" target=\"_blank\">Crear un formulario<\/a><\/li>\n\n\n\n<li><a rel=\"noreferrer noopener\" href=\"https:\/\/red.infd.edu.ar\/anadir-preguntas-en-un-formulario\/\" target=\"_blank\">A\u00f1adir preguntas en un formulario<\/a><\/li>\n\n\n\n<li><a rel=\"noreferrer noopener\" href=\"https:\/\/red.infd.edu.ar\/como-responde-el-cursante-un-formulario\/\" target=\"_blank\">C\u00f3mo responde el cursante un formulario<\/a><\/li>\n\n\n\n<li><a rel=\"noreferrer noopener\" href=\"https:\/\/red.infd.edu.ar\/administrar-un-formulario\/\" target=\"_blank\">Administrar un formulario<\/a><\/li>\n\n\n\n<li><a rel=\"noreferrer noopener\" href=\"https:\/\/red.infd.edu.ar\/eliminar-formularios-y-participaciones\/\" target=\"_blank\">Eliminar formularios y participaciones<\/a><\/li>\n\n\n\n<li><a rel=\"noreferrer noopener\" href=\"https:\/\/red.infd.edu.ar\/copiar-en-aulas-y-notificar\/\" target=\"_blank\">Copiar en aula y notificar<\/a><\/li>\n<\/ul>\n<\/li>\n\n\n\n<li><strong>Evaluaciones<\/strong>\n<ul>\n<li><a rel=\"noreferrer noopener\" href=\"https:\/\/red.infd.edu.ar\/crear-una-evaluacion\/\" target=\"_blank\">Crear una evaluaci\u00f3n<\/a><\/li>\n\n\n\n<li><a rel=\"noreferrer noopener\" href=\"https:\/\/red.infd.edu.ar\/tipos-de-preguntas\/\" target=\"_blank\">Tipos de preguntas<\/a><\/li>\n\n\n\n<li><a rel=\"noreferrer noopener\" href=\"https:\/\/red.infd.edu.ar\/generar-preguntas-previamente\/\" target=\"_blank\">Generar preguntas previamente<\/a><\/li>\n\n\n\n<li><a rel=\"noreferrer noopener\" href=\"https:\/\/red.infd.edu.ar\/como-realiza-la-evaluacion-el-cursante\/\" target=\"_blank\">C\u00f3mo realiza la evaluaci\u00f3n el cursante<\/a><\/li>\n\n\n\n<li><a rel=\"noreferrer noopener\" href=\"https:\/\/red.infd.edu.ar\/seguimiento-de-las-evaluaciones\/\" target=\"_blank\">Seguimiento de las evaluaciones<\/a><\/li>\n<\/ul>\n<\/li>\n\n\n\n<li><strong>Asignar recursos a ciertos alumnos. Alcance selectivo.<\/strong>\n<ul>\n<li><a rel=\"noreferrer noopener\" href=\"https:\/\/red.infd.edu.ar\/alcance-selectivo-en-las-clases\/\" target=\"_blank\">Alcance selectivo en las clases<\/a><\/li>\n\n\n\n<li><a rel=\"noreferrer noopener\" href=\"https:\/\/red.infd.edu.ar\/alcance-selectivo-en-textos\/\" target=\"_blank\">Alcance selectivo en items<\/a><\/li>\n\n\n\n<li><a rel=\"noreferrer noopener\" href=\"https:\/\/red.infd.edu.ar\/alcance-selectivo-para-una-clase-completa\/\" target=\"_blank\">Alcance selectivo para una clase completa<\/a><\/li>\n<\/ul>\n<\/li>\n\n\n\n<li><strong>Los debates<\/strong>\n<ul>\n<li><a rel=\"noreferrer noopener\" href=\"https:\/\/red.infd.edu.ar\/como-crear-un-debate\/\" target=\"_blank\">C\u00f3mo crear un debate<\/a><\/li>\n\n\n\n<li><a rel=\"noreferrer noopener\" href=\"https:\/\/red.infd.edu.ar\/tipos-de-debate\/\" target=\"_blank\">Tipos de debate<\/a><\/li>\n\n\n\n<li><a rel=\"noreferrer noopener\" href=\"https:\/\/red.infd.edu.ar\/como-reconocer-la-participacion-en-un-debate\/\" target=\"_blank\">C\u00f3mo reconocer la participaci\u00f3n en un debate<\/a><\/li>\n\n\n\n<li><a rel=\"noreferrer noopener\" href=\"https:\/\/red.infd.edu.ar\/como-se-califica-un-debate\/\" target=\"_blank\">C\u00f3mo se califica un debate<\/a><\/li>\n\n\n\n<li><a rel=\"noreferrer noopener\" href=\"https:\/\/red.infd.edu.ar\/como-se-ven-las-calificaciones-de-los-debates\/\" target=\"_blank\">C\u00f3mo se ven las calificaciones de los debates<\/a><\/li>\n\n\n\n<li><a href=\"https:\/\/red.infd.edu.ar\/participar-en-un-foro-grabando-audio\/\" target=\"_blank\" rel=\"noreferrer noopener\">Participar en un foro grabando audio<\/a>&nbsp;<\/li>\n<\/ul>\n<\/li>\n<\/ul>\n\n\n\n<p><strong>CRITERIOS DE USO, RECOMENDACIONES Y TIPS<\/strong><\/p>\n\n\n\n<ul>\n<li><a href=\"https:\/\/red.infd.edu.ar\/como-se-utiliza-el-repositorio-del-campus-virtual\/\" target=\"_blank\" rel=\"noreferrer noopener\">C\u00f3mo se utiliza el Repositorio del campus virtual<\/a><\/li>\n\n\n\n<li><a href=\"https:\/\/red.infd.edu.ar\/las-wikis-como-herramienta-para-el-trabajo-grupal\/\" target=\"_blank\" rel=\"noreferrer noopener\">Las wikis como herramienta para el trabajo grupal<\/a><\/li>\n\n\n\n<li><a href=\"https:\/\/red.infd.edu.ar\/el-foro-de-discusion\/\" target=\"_blank\" rel=\"noreferrer noopener\">El foro de discusi\u00f3n<\/a><\/li>\n\n\n\n<li><a href=\"https:\/\/red.infd.edu.ar\/aulas-1-0-y-2-0\/\" target=\"_blank\" rel=\"noreferrer noopener\">Aulas 1.0 y 2.0<\/a><\/li>\n\n\n\n<li><a href=\"https:\/\/red.infd.edu.ar\/caracteristicas-de-una-clase\/\" target=\"_blank\" rel=\"noreferrer noopener\">Caracter\u00edsticas de una clase<\/a><\/li>\n\n\n\n<li><a href=\"https:\/\/red.infd.edu.ar\/que-es-un-aula-virtual-usos-posibles\/\" target=\"_blank\" rel=\"noreferrer noopener\">\u00bfQu\u00e9 es un aula virtual? Usos posibles<\/a><\/li>\n\n\n\n<li><a href=\"https:\/\/red.infd.edu.ar\/sabes-crear-una-clase-en-el-aula-virtual\/\" target=\"_blank\" rel=\"noreferrer noopener\">\u00bfSab\u00e9s crear una clase virtual?<\/a><\/li>\n<\/ul>\n\n\n\n<p><\/p>\n\n\n\n<figure class=\"wp-block-pullquote is-style-default\"><blockquote><p>Fuente: <a rel=\"noreferrer noopener\" href=\"https:\/\/red.infd.edu.ar\/tutoriales-y-aportes-teoricos\/tutoriales-campus-virtual-infd\/\" data-type=\"URL\" data-id=\"https:\/\/red.infd.edu.ar\/tutoriales-y-aportes-teoricos\/tutoriales-campus-virtual-infd\/\" target=\"_blank\">Instituto Nacional de Formaci\u00f3n Docente <\/a><\/p><\/blockquote><\/figure>\n\n\n\n<p><\/p>\n","protected":false},"excerpt":{"rendered":"<p>Tutoriales destinados a docentes sobre el uso de las aulas virtuales del Campus 2. Secci\u00f3n AULAS 3. Secci\u00f3n CONTENIDOS 4. Secci\u00f3n CLASES 5. Secci\u00f3n TEXTOS y MATERIAL DE ESTUDIO 6. Secci\u00f3n UNIDADES y ACTIVIDADES 7. Secci\u00f3n CORRECCI\u00d3N DE ACTIVIDAD 8. Secci\u00f3n DEBATES 9. Secci\u00f3n FORMULARIOS El contenido de los tutoriales en formato video fue creado &#8230; <a title=\"Aulas Virtuales\" class=\"read-more\" href=\"https:\/\/ens8-caba.infd.edu.ar\/sitio\/aulas-virtuales\/\" aria-label=\"More on Aulas Virtuales\">[+]<\/a><\/p>\n","protected":false},"author":1389,"featured_media":0,"parent":0,"menu_order":0,"comment_status":"closed","ping_status":"closed","template":"","meta":[],"acf":[],"_links":{"self":[{"href":"https:\/\/ens8-caba.infd.edu.ar\/sitio\/wp-json\/wp\/v2\/pages\/1911"}],"collection":[{"href":"https:\/\/ens8-caba.infd.edu.ar\/sitio\/wp-json\/wp\/v2\/pages"}],"about":[{"href":"https:\/\/ens8-caba.infd.edu.ar\/sitio\/wp-json\/wp\/v2\/types\/page"}],"author":[{"embeddable":true,"href":"https:\/\/ens8-caba.infd.edu.ar\/sitio\/wp-json\/wp\/v2\/users\/1389"}],"replies":[{"embeddable":true,"href":"https:\/\/ens8-caba.infd.edu.ar\/sitio\/wp-json\/wp\/v2\/comments?post=1911"}],"version-history":[{"count":6,"href":"https:\/\/ens8-caba.infd.edu.ar\/sitio\/wp-json\/wp\/v2\/pages\/1911\/revisions"}],"predecessor-version":[{"id":2180,"href":"https:\/\/ens8-caba.infd.edu.ar\/sitio\/wp-json\/wp\/v2\/pages\/1911\/revisions\/2180"}],"wp:attachment":[{"href":"https:\/\/ens8-caba.infd.edu.ar\/sitio\/wp-json\/wp\/v2\/media?parent=1911"}],"curies":[{"name":"wp","href":"https:\/\/api.w.org\/{rel}","templated":true}]}}