{"id":1928,"date":"2021-09-09T15:29:44","date_gmt":"2021-09-09T18:29:44","guid":{"rendered":"https:\/\/ens8-caba.infd.edu.ar\/sitio\/?page_id=1928"},"modified":"2023-09-12T16:21:49","modified_gmt":"2023-09-12T19:21:49","slug":"planes-de-trabajo-2013-2018","status":"publish","type":"page","link":"https:\/\/ens8-caba.infd.edu.ar\/sitio\/planes-de-trabajo-2013-2018\/","title":{"rendered":"Planes de Trabajo 2013-2023"},"content":{"rendered":"\n<p>Seleccion\u00e1 el a\u00f1o en el men\u00fa desplegable y acced\u00e9 al Plan de Trabajo correspondiente.<\/p>\n","protected":false},"excerpt":{"rendered":"<p>Seleccion\u00e1 el a\u00f1o en el men\u00fa desplegable y acced\u00e9 al Plan de Trabajo correspondiente.<\/p>\n","protected":false},"author":1389,"featured_media":0,"parent":0,"menu_order":0,"comment_status":"closed","ping_status":"closed","template":"","meta":[],"acf":[],"_links":{"self":[{"href":"https:\/\/ens8-caba.infd.edu.ar\/sitio\/wp-json\/wp\/v2\/pages\/1928"}],"collection":[{"href":"https:\/\/ens8-caba.infd.edu.ar\/sitio\/wp-json\/wp\/v2\/pages"}],"about":[{"href":"https:\/\/ens8-caba.infd.edu.ar\/sitio\/wp-json\/wp\/v2\/types\/page"}],"author":[{"embeddable":true,"href":"https:\/\/ens8-caba.infd.edu.ar\/sitio\/wp-json\/wp\/v2\/users\/1389"}],"replies":[{"embeddable":true,"href":"https:\/\/ens8-caba.infd.edu.ar\/sitio\/wp-json\/wp\/v2\/comments?post=1928"}],"version-history":[{"count":2,"href":"https:\/\/ens8-caba.infd.edu.ar\/sitio\/wp-json\/wp\/v2\/pages\/1928\/revisions"}],"predecessor-version":[{"id":2419,"href":"https:\/\/ens8-caba.infd.edu.ar\/sitio\/wp-json\/wp\/v2\/pages\/1928\/revisions\/2419"}],"wp:attachment":[{"href":"https:\/\/ens8-caba.infd.edu.ar\/sitio\/wp-json\/wp\/v2\/media?parent=1928"}],"curies":[{"name":"wp","href":"https:\/\/api.w.org\/{rel}","templated":true}]}}