{"id":2899,"date":"2025-09-15T20:07:49","date_gmt":"2025-09-15T23:07:49","guid":{"rendered":"https:\/\/ens8-caba.infd.edu.ar\/sitio\/?page_id=2899"},"modified":"2025-09-15T20:07:52","modified_gmt":"2025-09-15T23:07:52","slug":"historia-2","status":"publish","type":"page","link":"https:\/\/ens8-caba.infd.edu.ar\/sitio\/historia-2\/","title":{"rendered":"Historia"},"content":{"rendered":"\n<p>En 1949 se cre\u00f3 el Jard\u00edn de Infantes de la Escuela Normal Superior N\u00b0 8, que inici\u00f3 su recorrido con una \u00fanica sala, tres docentes y 25 alumnos.<\/p>\n\n\n\n<p>El Nivel Inicial fue creciendo r\u00e1pidamente: en 1950 se abri\u00f3 una nueva sala y en 1955 ambas se desdoblaron, pasando a funcionar dos salas por turno. En 1992 se incorpor\u00f3 la sala de 3 a\u00f1os; en 2010, con motivo del centenario de la escuela, se sum\u00f3 la sala de 2 a\u00f1os, y en 2015 las salas de 1 a\u00f1o. Hoy, el jard\u00edn cuenta con salas para ni\u00f1os y ni\u00f1as de 1 a 5 a\u00f1os en ambos turnos, con un total de diez secciones.<\/p>\n\n\n\n<p>Con el tiempo, los paradigmas educativos tambi\u00e9n se transformaron: el Nivel Inicial dej\u00f3 de concebirse como una instancia meramente preparatoria para la escuela primaria y adquiri\u00f3 identidad propia, con objetivos, contenidos y un valor formativo singular. Es, adem\u00e1s, el \u00fanico nivel educativo que no puede cursarse en otra etapa de la vida.<\/p>\n\n\n\n<p>El jard\u00edn funciona en el edificio anexo de Carlos Calvo 3150, una casona hist\u00f3rica de 1865 que perteneci\u00f3 a la familia Bancalari y que en el barrio fue conocida como \u201cla quinta de los Bancalari\u201d.<\/p>\n\n\n\n<p>Su equipo docente est\u00e1 conformado por una directora, una vicedirectora, una maestra secretaria, diez maestras de secci\u00f3n, diez maestras auxiliares y cinco profesores curriculares. A ellos se suma, semanalmente, una facilitadora pedag\u00f3gica digital de INTEC. La instituci\u00f3n tambi\u00e9n cuenta con una amplia biblioteca de gran calidad literaria.<\/p>\n\n\n\n<p>Cada sala dispone de material did\u00e1ctico, recursos tecnol\u00f3gicos y acceso a internet. El jard\u00edn ofrece, adem\u00e1s, un gran patio arbolado con juegos al aire libre y un jard\u00edn sensorial, donde se desarrollan propuestas como pintura en atriles o lecturas en la naturaleza. Entre sus \u00e1rboles se destaca un mandarino, cuyos frutos son recolectados cada a\u00f1o para elaborar una torta compartida por toda la comunidad educativa.<\/p>\n\n\n\n<p>Muy valorado en la comunidad barrial, el Nivel Inicial del Normal 8 tiene actualmente una matr\u00edcula de 150 alumnos y alumnas, muchos de ellos hijos y nietos de ex estudiantes y de personal de la instituci\u00f3n. El plantel docente se caracteriza por un fuerte sentido de pertenencia: varias maestras fueron alumnas del jard\u00edn y continuaron su formaci\u00f3n en el Nivel Superior de la escuela.<\/p>\n\n\n\n<p>Como parte de una Escuela Normal, el jard\u00edn tambi\u00e9n cumple un rol fundamental en la formaci\u00f3n docente, siendo sede de pr\u00e1cticas de las y los estudiantes del Profesorado de Educaci\u00f3n Inicial.<\/p>\n\n\n\n<p>En 2024, el Proyecto Escuela se denomin\u00f3 \u201c\u00a1Nuestro jard\u00edn cumple 75 a\u00f1os!\u201d, con eje en el aniversario de su creaci\u00f3n. Se propuso ampliar y recuperar la memoria del nivel a partir de objetos significativos y, sobre todo, de los testimonios de quienes transitaron sus aulas.<\/p>\n\n\n\n<p>Al mismo tiempo, se sostuvieron iniciativas de a\u00f1os anteriores, como \u201cEl jard\u00edn, nuestra primera comunidad de lectores\u201d (2022-2023) y \u201cPromoci\u00f3n de h\u00e1bitos saludables desde las salas a los hogares\u201d (2023). En este marco, el a\u00f1o pasado se llev\u00f3 adelante una campa\u00f1a de prevenci\u00f3n contra el dengue, con la producci\u00f3n de material audiovisual que fue compartido con los dem\u00e1s niveles de la escuela y con las familias.<\/p>\n","protected":false},"excerpt":{"rendered":"<p>En 1949 se cre\u00f3 el Jard\u00edn de Infantes de la Escuela Normal Superior N\u00b0 8, que inici\u00f3 su recorrido con una \u00fanica sala, tres docentes y 25 alumnos. El Nivel Inicial fue creciendo r\u00e1pidamente: en 1950 se abri\u00f3 una nueva sala y en 1955 ambas se desdoblaron, pasando a funcionar dos salas por turno. En &#8230; <a title=\"Historia\" class=\"read-more\" href=\"https:\/\/ens8-caba.infd.edu.ar\/sitio\/historia-2\/\" aria-label=\"More on Historia\">[+]<\/a><\/p>\n","protected":false},"author":1389,"featured_media":0,"parent":0,"menu_order":0,"comment_status":"closed","ping_status":"closed","template":"","meta":[],"acf":[],"_links":{"self":[{"href":"https:\/\/ens8-caba.infd.edu.ar\/sitio\/wp-json\/wp\/v2\/pages\/2899"}],"collection":[{"href":"https:\/\/ens8-caba.infd.edu.ar\/sitio\/wp-json\/wp\/v2\/pages"}],"about":[{"href":"https:\/\/ens8-caba.infd.edu.ar\/sitio\/wp-json\/wp\/v2\/types\/page"}],"author":[{"embeddable":true,"href":"https:\/\/ens8-caba.infd.edu.ar\/sitio\/wp-json\/wp\/v2\/users\/1389"}],"replies":[{"embeddable":true,"href":"https:\/\/ens8-caba.infd.edu.ar\/sitio\/wp-json\/wp\/v2\/comments?post=2899"}],"version-history":[{"count":1,"href":"https:\/\/ens8-caba.infd.edu.ar\/sitio\/wp-json\/wp\/v2\/pages\/2899\/revisions"}],"predecessor-version":[{"id":2900,"href":"https:\/\/ens8-caba.infd.edu.ar\/sitio\/wp-json\/wp\/v2\/pages\/2899\/revisions\/2900"}],"wp:attachment":[{"href":"https:\/\/ens8-caba.infd.edu.ar\/sitio\/wp-json\/wp\/v2\/media?parent=2899"}],"curies":[{"name":"wp","href":"https:\/\/api.w.org\/{rel}","templated":true}]}}